{"id":1442,"date":"2020-05-09T09:11:34","date_gmt":"2020-05-09T09:11:34","guid":{"rendered":"https:\/\/progift.fi\/?page_id=1442"},"modified":"2020-09-03T13:14:28","modified_gmt":"2020-09-03T13:14:28","slug":"antibakteerigeeli-pidikkeella-50ml","status":"publish","type":"page","link":"https:\/\/progift.fi\/index.php\/antibakteerigeeli-pidikkeella-50ml\/","title":{"rendered":"Antibakteerigeeli pidikkeell\u00e4 50ml"},"content":{"rendered":"\t\t<div data-elementor-type=\"wp-page\" data-elementor-id=\"1442\" class=\"elementor elementor-1442\" data-elementor-settings=\"[]\">\n\t\t\t\t\t\t<div class=\"elementor-inner\">\n\t\t\t\t\t\t\t<div class=\"elementor-section-wrap\">\n\t\t\t\t\t\t\t<section class=\"elementor-section elementor-top-section elementor-element elementor-element-4b2372a elementor-section-boxed elementor-section-height-default elementor-section-height-default\" data-id=\"4b2372a\" data-element_type=\"section\">\n\t\t\t\t\t\t<div class=\"elementor-container elementor-column-gap-default\">\n\t\t\t\t\t\t\t<div class=\"elementor-row\">\n\t\t\t\t\t<div class=\"elementor-column elementor-col-100 elementor-top-column elementor-element elementor-element-761821d\" data-id=\"761821d\" data-element_type=\"column\">\n\t\t\t<div class=\"elementor-column-wrap\">\n\t\t\t\t\t\t\t<div class=\"elementor-widget-wrap\">\n\t\t\t\t\t\t\t\t<\/div>\n\t\t\t\t\t<\/div>\n\t\t<\/div>\n\t\t\t\t\t\t\t\t<\/div>\n\t\t\t\t\t<\/div>\n\t\t<\/section>\n\t\t\t\t<section class=\"elementor-section elementor-top-section elementor-element elementor-element-41a464c elementor-section-boxed elementor-section-height-default elementor-section-height-default\" data-id=\"41a464c\" data-element_type=\"section\">\n\t\t\t\t\t\t<div class=\"elementor-container elementor-column-gap-default\">\n\t\t\t\t\t\t\t<div class=\"elementor-row\">\n\t\t\t\t\t<div class=\"elementor-column elementor-col-50 elementor-top-column elementor-element elementor-element-e0d239b\" data-id=\"e0d239b\" data-element_type=\"column\">\n\t\t\t<div class=\"elementor-column-wrap elementor-element-populated\">\n\t\t\t\t\t\t\t<div class=\"elementor-widget-wrap\">\n\t\t\t\t\t\t<div class=\"elementor-element elementor-element-9cfa783 elementor-widget elementor-widget-image\" data-id=\"9cfa783\" data-element_type=\"widget\" data-widget_type=\"image.default\">\n\t\t\t\t<div class=\"elementor-widget-container\">\n\t\t\t\t\t<div class=\"elementor-image\">\n\t\t\t\t\t\t\t\t\t\t<img width=\"1024\" height=\"1024\" src=\"https:\/\/progift.fi\/wp-content\/uploads\/2020\/03\/farben_bumper_weiss-1024x1024.jpg\" class=\"attachment-large size-large\" alt=\"\" loading=\"lazy\" srcset=\"https:\/\/progift.fi\/wp-content\/uploads\/2020\/03\/farben_bumper_weiss-1024x1024.jpg 1024w, https:\/\/progift.fi\/wp-content\/uploads\/2020\/03\/farben_bumper_weiss-300x300.jpg 300w, https:\/\/progift.fi\/wp-content\/uploads\/2020\/03\/farben_bumper_weiss-150x150.jpg 150w, https:\/\/progift.fi\/wp-content\/uploads\/2020\/03\/farben_bumper_weiss-768x768.jpg 768w, https:\/\/progift.fi\/wp-content\/uploads\/2020\/03\/farben_bumper_weiss-1536x1536.jpg 1536w, https:\/\/progift.fi\/wp-content\/uploads\/2020\/03\/farben_bumper_weiss-2048x2048.jpg 2048w, https:\/\/progift.fi\/wp-content\/uploads\/2020\/03\/farben_bumper_weiss-scaled-e1599136987974.jpg 1000w\" sizes=\"(max-width: 1024px) 100vw, 1024px\" \/>\t\t\t\t\t\t\t\t\t\t\t<\/div>\n\t\t\t\t<\/div>\n\t\t\t\t<\/div>\n\t\t\t\t\t\t<\/div>\n\t\t\t\t\t<\/div>\n\t\t<\/div>\n\t\t\t\t<div class=\"elementor-column elementor-col-50 elementor-top-column elementor-element elementor-element-c392c4d\" data-id=\"c392c4d\" data-element_type=\"column\">\n\t\t\t<div class=\"elementor-column-wrap elementor-element-populated\">\n\t\t\t\t\t\t\t<div class=\"elementor-widget-wrap\">\n\t\t\t\t\t\t<div class=\"elementor-element elementor-element-e2bcf07 elementor-widget elementor-widget-text-editor\" data-id=\"e2bcf07\" data-element_type=\"widget\" data-widget_type=\"text-editor.default\">\n\t\t\t\t<div class=\"elementor-widget-container\">\n\t\t\t\t\t<div class=\"elementor-text-editor elementor-clearfix\"><h3 style=\"font-size: 1.66667rem; font-style: normal;\"><span style=\"font-size: 25px;\">\u00a0<\/span><\/h3><h3 style=\"font-size: 1.66667rem; font-style: normal;\"><span style=\"font-size: 25px;\">Antibakteerigeeli pidikkeell\u00e4 50ml<\/span><\/h3><p>K\u00e4tev\u00e4 antibakteeri-geeli mukaan matkalle, t\u00f6ihin, lomalle&#8230; 50 ml pullo, saatavilla v\u00e4rikk\u00e4\u00e4ll\u00e4 pidikkeell\u00e4 tai ilman k\u00e4tev\u00e4ss\u00e4 pumppupullossa. Etikettiin saa moniv\u00e4ripainatuksen. Geeli on vegaanista, ph- neutraali, eik\u00e4 sis\u00e4ll\u00e4 parabeenej\u00e4 ja s\u00e4il\u00f6nt\u00e4aineita. Dermatologisesti testattu, ei \u00e4rsyt\u00e4 ihoa. Valmistettu Euroopassa<\/p><p style=\"font-size: 15px; font-style: normal; font-weight: 400;\">Hinta alkaen: 2,20 \u20ac<\/p><\/div>\n\t\t\t\t<\/div>\n\t\t\t\t<\/div>\n\t\t\t\t\t\t<\/div>\n\t\t\t\t\t<\/div>\n\t\t<\/div>\n\t\t\t\t\t\t\t\t<\/div>\n\t\t\t\t\t<\/div>\n\t\t<\/section>\n\t\t\t\t\t\t<\/div>\n\t\t\t\t\t\t<\/div>\n\t\t\t\t\t<\/div>\n\t\t","protected":false},"excerpt":{"rendered":"<p>&nbsp; Antibakteerigeeli pidikkeell\u00e4 50ml K\u00e4tev\u00e4 antibakteeri-geeli mukaan matkalle, t\u00f6ihin, lomalle&#8230; 50 ml pullo, saatavilla v\u00e4rikk\u00e4\u00e4ll\u00e4 pidikkeell\u00e4 tai ilman k\u00e4tev\u00e4ss\u00e4 pumppupullossa. Etikettiin saa moniv\u00e4ripainatuksen. Geeli on vegaanista, ph- neutraali, eik\u00e4 sis\u00e4ll\u00e4 parabeenej\u00e4 ja s\u00e4il\u00f6nt\u00e4aineita. Dermatologisesti testattu, ei \u00e4rsyt\u00e4 ihoa. Valmistettu Euroopassa Hinta alkaen: 2,20 \u20ac<\/p>\n","protected":false},"author":1,"featured_media":0,"parent":0,"menu_order":0,"comment_status":"closed","ping_status":"closed","template":"","meta":[],"_links":{"self":[{"href":"https:\/\/progift.fi\/index.php\/wp-json\/wp\/v2\/pages\/1442"}],"collection":[{"href":"https:\/\/progift.fi\/index.php\/wp-json\/wp\/v2\/pages"}],"about":[{"href":"https:\/\/progift.fi\/index.php\/wp-json\/wp\/v2\/types\/page"}],"author":[{"embeddable":true,"href":"https:\/\/progift.fi\/index.php\/wp-json\/wp\/v2\/users\/1"}],"replies":[{"embeddable":true,"href":"https:\/\/progift.fi\/index.php\/wp-json\/wp\/v2\/comments?post=1442"}],"version-history":[{"count":6,"href":"https:\/\/progift.fi\/index.php\/wp-json\/wp\/v2\/pages\/1442\/revisions"}],"predecessor-version":[{"id":1726,"href":"https:\/\/progift.fi\/index.php\/wp-json\/wp\/v2\/pages\/1442\/revisions\/1726"}],"wp:attachment":[{"href":"https:\/\/progift.fi\/index.php\/wp-json\/wp\/v2\/media?parent=1442"}],"curies":[{"name":"wp","href":"https:\/\/api.w.org\/{rel}","templated":true}]}}