{"id":1447,"date":"2020-05-09T09:13:49","date_gmt":"2020-05-09T09:13:49","guid":{"rendered":"https:\/\/progift.fi\/?page_id=1447"},"modified":"2020-08-31T14:47:54","modified_gmt":"2020-08-31T14:47:54","slug":"heijastava-morf-huivi","status":"publish","type":"page","link":"https:\/\/progift.fi\/index.php\/heijastava-morf-huivi\/","title":{"rendered":"Heijastava Morf-huivi"},"content":{"rendered":"\t\t<div data-elementor-type=\"wp-page\" data-elementor-id=\"1447\" class=\"elementor elementor-1447\" data-elementor-settings=\"[]\">\n\t\t\t\t\t\t<div class=\"elementor-inner\">\n\t\t\t\t\t\t\t<div class=\"elementor-section-wrap\">\n\t\t\t\t\t\t\t<section class=\"elementor-section elementor-top-section elementor-element elementor-element-94f3ac9 elementor-section-boxed elementor-section-height-default elementor-section-height-default\" data-id=\"94f3ac9\" data-element_type=\"section\">\n\t\t\t\t\t\t<div class=\"elementor-container elementor-column-gap-default\">\n\t\t\t\t\t\t\t<div class=\"elementor-row\">\n\t\t\t\t\t<div class=\"elementor-column elementor-col-100 elementor-top-column elementor-element elementor-element-074921b\" data-id=\"074921b\" data-element_type=\"column\">\n\t\t\t<div class=\"elementor-column-wrap\">\n\t\t\t\t\t\t\t<div class=\"elementor-widget-wrap\">\n\t\t\t\t\t\t\t\t<\/div>\n\t\t\t\t\t<\/div>\n\t\t<\/div>\n\t\t\t\t\t\t\t\t<\/div>\n\t\t\t\t\t<\/div>\n\t\t<\/section>\n\t\t\t\t<section class=\"elementor-section elementor-top-section elementor-element elementor-element-d07cbb0 elementor-section-boxed elementor-section-height-default elementor-section-height-default\" data-id=\"d07cbb0\" data-element_type=\"section\">\n\t\t\t\t\t\t<div class=\"elementor-container elementor-column-gap-default\">\n\t\t\t\t\t\t\t<div class=\"elementor-row\">\n\t\t\t\t\t<div class=\"elementor-column elementor-col-50 elementor-top-column elementor-element elementor-element-055f652\" data-id=\"055f652\" data-element_type=\"column\">\n\t\t\t<div class=\"elementor-column-wrap elementor-element-populated\">\n\t\t\t\t\t\t\t<div class=\"elementor-widget-wrap\">\n\t\t\t\t\t\t<div class=\"elementor-element elementor-element-f753bce elementor-widget elementor-widget-image\" data-id=\"f753bce\" data-element_type=\"widget\" data-widget_type=\"image.default\">\n\t\t\t\t<div class=\"elementor-widget-container\">\n\t\t\t\t\t<div class=\"elementor-image\">\n\t\t\t\t\t\t\t\t\t\t<img width=\"1000\" height=\"1000\" src=\"https:\/\/progift.fi\/wp-content\/uploads\/2020\/08\/Heijastava-Morf-huivi.jpg\" class=\"attachment-large size-large\" alt=\"\" loading=\"lazy\" srcset=\"https:\/\/progift.fi\/wp-content\/uploads\/2020\/08\/Heijastava-Morf-huivi.jpg 1000w, https:\/\/progift.fi\/wp-content\/uploads\/2020\/08\/Heijastava-Morf-huivi-300x300.jpg 300w, https:\/\/progift.fi\/wp-content\/uploads\/2020\/08\/Heijastava-Morf-huivi-150x150.jpg 150w, https:\/\/progift.fi\/wp-content\/uploads\/2020\/08\/Heijastava-Morf-huivi-768x768.jpg 768w\" sizes=\"(max-width: 1000px) 100vw, 1000px\" \/>\t\t\t\t\t\t\t\t\t\t\t<\/div>\n\t\t\t\t<\/div>\n\t\t\t\t<\/div>\n\t\t\t\t\t\t<\/div>\n\t\t\t\t\t<\/div>\n\t\t<\/div>\n\t\t\t\t<div class=\"elementor-column elementor-col-50 elementor-top-column elementor-element elementor-element-51f17b8\" data-id=\"51f17b8\" data-element_type=\"column\">\n\t\t\t<div class=\"elementor-column-wrap elementor-element-populated\">\n\t\t\t\t\t\t\t<div class=\"elementor-widget-wrap\">\n\t\t\t\t\t\t<div class=\"elementor-element elementor-element-bec5c33 elementor-widget elementor-widget-text-editor\" data-id=\"bec5c33\" data-element_type=\"widget\" data-widget_type=\"text-editor.default\">\n\t\t\t\t<div class=\"elementor-widget-container\">\n\t\t\t\t\t<div class=\"elementor-text-editor elementor-clearfix\"><h3 style=\"font-size: 1.66667rem; font-style: normal;\"><span style=\"font-size: 25px;\">\u00a0<\/span><\/h3><h3>Heijastava Morf-huivi<\/h3><ul><li>Materiaali: 100 % mikrokuitupolyesteri\u00e4<\/li><li>Koko: 50 x 25 cm<\/li><li>Hengitt\u00e4v\u00e4 kangas<\/li><li>Saumaton<\/li><li>Heijastava raita huivin molemmilla sivuilla<\/li><li>Kyseess\u00e4 ei ole lainmukainen henkil\u00f6suojain ja virallisen heijastimen k\u00e4ytt\u00f6\u00e4 suositellaan lis\u00e4ksi<\/li><\/ul><p>Hinta alkaen 3,60 \u20ac\/kpl<\/p><div>\u00a0<\/div><\/div>\n\t\t\t\t<\/div>\n\t\t\t\t<\/div>\n\t\t\t\t\t\t<\/div>\n\t\t\t\t\t<\/div>\n\t\t<\/div>\n\t\t\t\t\t\t\t\t<\/div>\n\t\t\t\t\t<\/div>\n\t\t<\/section>\n\t\t\t\t\t\t<\/div>\n\t\t\t\t\t\t<\/div>\n\t\t\t\t\t<\/div>\n\t\t","protected":false},"excerpt":{"rendered":"<p>\u00a0 Heijastava Morf-huivi Materiaali: 100 % mikrokuitupolyesteri\u00e4 Koko: 50 x 25 cm Hengitt\u00e4v\u00e4 kangas Saumaton Heijastava raita huivin molemmilla sivuilla Kyseess\u00e4 ei ole lainmukainen henkil\u00f6suojain ja virallisen heijastimen k\u00e4ytt\u00f6\u00e4 suositellaan lis\u00e4ksi Hinta alkaen 3,60 \u20ac\/kpl \u00a0<\/p>\n","protected":false},"author":1,"featured_media":0,"parent":0,"menu_order":0,"comment_status":"closed","ping_status":"closed","template":"","meta":[],"_links":{"self":[{"href":"https:\/\/progift.fi\/index.php\/wp-json\/wp\/v2\/pages\/1447"}],"collection":[{"href":"https:\/\/progift.fi\/index.php\/wp-json\/wp\/v2\/pages"}],"about":[{"href":"https:\/\/progift.fi\/index.php\/wp-json\/wp\/v2\/types\/page"}],"author":[{"embeddable":true,"href":"https:\/\/progift.fi\/index.php\/wp-json\/wp\/v2\/users\/1"}],"replies":[{"embeddable":true,"href":"https:\/\/progift.fi\/index.php\/wp-json\/wp\/v2\/comments?post=1447"}],"version-history":[{"count":3,"href":"https:\/\/progift.fi\/index.php\/wp-json\/wp\/v2\/pages\/1447\/revisions"}],"predecessor-version":[{"id":1686,"href":"https:\/\/progift.fi\/index.php\/wp-json\/wp\/v2\/pages\/1447\/revisions\/1686"}],"wp:attachment":[{"href":"https:\/\/progift.fi\/index.php\/wp-json\/wp\/v2\/media?parent=1447"}],"curies":[{"name":"wp","href":"https:\/\/api.w.org\/{rel}","templated":true}]}}