{"id":1465,"date":"2020-05-09T09:24:15","date_gmt":"2020-05-09T09:24:15","guid":{"rendered":"https:\/\/progift.fi\/?page_id=1465"},"modified":"2020-09-18T06:39:35","modified_gmt":"2020-09-18T06:39:35","slug":"parkit-parkkikiekko-kierratysmuovista","status":"publish","type":"page","link":"https:\/\/progift.fi\/index.php\/parkit-parkkikiekko-kierratysmuovista\/","title":{"rendered":"Parkit-Parkkikiekko kierr\u00e4tysmuovista"},"content":{"rendered":"\t\t<div data-elementor-type=\"wp-page\" data-elementor-id=\"1465\" class=\"elementor elementor-1465\" data-elementor-settings=\"[]\">\n\t\t\t\t\t\t<div class=\"elementor-inner\">\n\t\t\t\t\t\t\t<div class=\"elementor-section-wrap\">\n\t\t\t\t\t\t\t<section class=\"elementor-section elementor-top-section elementor-element elementor-element-4136f9c elementor-section-boxed elementor-section-height-default elementor-section-height-default\" data-id=\"4136f9c\" data-element_type=\"section\">\n\t\t\t\t\t\t<div class=\"elementor-container elementor-column-gap-default\">\n\t\t\t\t\t\t\t<div class=\"elementor-row\">\n\t\t\t\t\t<div class=\"elementor-column elementor-col-100 elementor-top-column elementor-element elementor-element-3a69091\" data-id=\"3a69091\" data-element_type=\"column\">\n\t\t\t<div class=\"elementor-column-wrap\">\n\t\t\t\t\t\t\t<div class=\"elementor-widget-wrap\">\n\t\t\t\t\t\t\t\t<\/div>\n\t\t\t\t\t<\/div>\n\t\t<\/div>\n\t\t\t\t\t\t\t\t<\/div>\n\t\t\t\t\t<\/div>\n\t\t<\/section>\n\t\t\t\t<section class=\"elementor-section elementor-top-section elementor-element elementor-element-775d78d elementor-section-boxed elementor-section-height-default elementor-section-height-default\" data-id=\"775d78d\" data-element_type=\"section\">\n\t\t\t\t\t\t<div class=\"elementor-container elementor-column-gap-default\">\n\t\t\t\t\t\t\t<div class=\"elementor-row\">\n\t\t\t\t\t<div class=\"elementor-column elementor-col-50 elementor-top-column elementor-element elementor-element-10384cd\" data-id=\"10384cd\" data-element_type=\"column\">\n\t\t\t<div class=\"elementor-column-wrap elementor-element-populated\">\n\t\t\t\t\t\t\t<div class=\"elementor-widget-wrap\">\n\t\t\t\t\t\t<div class=\"elementor-element elementor-element-ee1dc32 elementor-widget elementor-widget-image\" data-id=\"ee1dc32\" data-element_type=\"widget\" data-widget_type=\"image.default\">\n\t\t\t\t<div class=\"elementor-widget-container\">\n\t\t\t\t\t<div class=\"elementor-image\">\n\t\t\t\t\t\t\t\t\t\t<img width=\"1000\" height=\"1000\" src=\"https:\/\/progift.fi\/wp-content\/uploads\/2020\/09\/Parkit-Parkkikiekko-100-kierratysmuovia.jpg\" class=\"attachment-large size-large\" alt=\"\" loading=\"lazy\" srcset=\"https:\/\/progift.fi\/wp-content\/uploads\/2020\/09\/Parkit-Parkkikiekko-100-kierratysmuovia.jpg 1000w, https:\/\/progift.fi\/wp-content\/uploads\/2020\/09\/Parkit-Parkkikiekko-100-kierratysmuovia-300x300.jpg 300w, https:\/\/progift.fi\/wp-content\/uploads\/2020\/09\/Parkit-Parkkikiekko-100-kierratysmuovia-150x150.jpg 150w, https:\/\/progift.fi\/wp-content\/uploads\/2020\/09\/Parkit-Parkkikiekko-100-kierratysmuovia-768x768.jpg 768w\" sizes=\"(max-width: 1000px) 100vw, 1000px\" \/>\t\t\t\t\t\t\t\t\t\t\t<\/div>\n\t\t\t\t<\/div>\n\t\t\t\t<\/div>\n\t\t\t\t\t\t<\/div>\n\t\t\t\t\t<\/div>\n\t\t<\/div>\n\t\t\t\t<div class=\"elementor-column elementor-col-50 elementor-top-column elementor-element elementor-element-0d9c4ab\" data-id=\"0d9c4ab\" data-element_type=\"column\">\n\t\t\t<div class=\"elementor-column-wrap elementor-element-populated\">\n\t\t\t\t\t\t\t<div class=\"elementor-widget-wrap\">\n\t\t\t\t\t\t<div class=\"elementor-element elementor-element-c7556ab elementor-widget elementor-widget-text-editor\" data-id=\"c7556ab\" data-element_type=\"widget\" data-widget_type=\"text-editor.default\">\n\t\t\t\t<div class=\"elementor-widget-container\">\n\t\t\t\t\t<div class=\"elementor-text-editor elementor-clearfix\"><h3 style=\"font-size: 1.66667rem; font-style: normal;\">\u00a0<\/h3><h3 style=\"font-size: 1.66667rem; font-style: normal;\">Parkit-Parkkikiekko kierr\u00e4tysmuovista<\/h3><p style=\"font-size: 15px; font-style: normal; font-weight: 400;\">\u00a0<\/p><p>100 % kierr\u00e4tysmuovista tehty parkkikiekko. Uusi muoto ja k\u00e4ytt\u00f6, kiinnit\u00e4 kiekko aurinkolippaan.<\/p><p style=\"font-size: 15px; font-style: normal; font-weight: 400;\">Hinta alkaen: 1,60 \u20ac (ilman painatusta)<\/p><\/div>\n\t\t\t\t<\/div>\n\t\t\t\t<\/div>\n\t\t\t\t\t\t<\/div>\n\t\t\t\t\t<\/div>\n\t\t<\/div>\n\t\t\t\t\t\t\t\t<\/div>\n\t\t\t\t\t<\/div>\n\t\t<\/section>\n\t\t\t\t\t\t<\/div>\n\t\t\t\t\t\t<\/div>\n\t\t\t\t\t<\/div>\n\t\t","protected":false},"excerpt":{"rendered":"<p>\u00a0 Parkit-Parkkikiekko kierr\u00e4tysmuovista \u00a0 100 % kierr\u00e4tysmuovista tehty parkkikiekko. Uusi muoto ja k\u00e4ytt\u00f6, kiinnit\u00e4 kiekko aurinkolippaan. Hinta alkaen: 1,60 \u20ac (ilman painatusta)<\/p>\n","protected":false},"author":1,"featured_media":0,"parent":0,"menu_order":0,"comment_status":"closed","ping_status":"closed","template":"","meta":[],"_links":{"self":[{"href":"https:\/\/progift.fi\/index.php\/wp-json\/wp\/v2\/pages\/1465"}],"collection":[{"href":"https:\/\/progift.fi\/index.php\/wp-json\/wp\/v2\/pages"}],"about":[{"href":"https:\/\/progift.fi\/index.php\/wp-json\/wp\/v2\/types\/page"}],"author":[{"embeddable":true,"href":"https:\/\/progift.fi\/index.php\/wp-json\/wp\/v2\/users\/1"}],"replies":[{"embeddable":true,"href":"https:\/\/progift.fi\/index.php\/wp-json\/wp\/v2\/comments?post=1465"}],"version-history":[{"count":7,"href":"https:\/\/progift.fi\/index.php\/wp-json\/wp\/v2\/pages\/1465\/revisions"}],"predecessor-version":[{"id":2091,"href":"https:\/\/progift.fi\/index.php\/wp-json\/wp\/v2\/pages\/1465\/revisions\/2091"}],"wp:attachment":[{"href":"https:\/\/progift.fi\/index.php\/wp-json\/wp\/v2\/media?parent=1465"}],"curies":[{"name":"wp","href":"https:\/\/api.w.org\/{rel}","templated":true}]}}