{"id":177,"date":"2019-09-17T08:44:20","date_gmt":"2019-09-17T08:44:20","guid":{"rendered":"https:\/\/progift.fi\/?page_id=177"},"modified":"2020-09-16T10:14:44","modified_gmt":"2020-09-16T10:14:44","slug":"yritys","status":"publish","type":"page","link":"https:\/\/progift.fi\/index.php\/yritys\/","title":{"rendered":"Yritys"},"content":{"rendered":"\t\t<div data-elementor-type=\"wp-page\" data-elementor-id=\"177\" class=\"elementor elementor-177\" data-elementor-settings=\"[]\">\n\t\t\t\t\t\t<div class=\"elementor-inner\">\n\t\t\t\t\t\t\t<div class=\"elementor-section-wrap\">\n\t\t\t\t\t\t\t<section class=\"elementor-section elementor-top-section elementor-element elementor-element-6044efc elementor-section-height-min-height elementor-section-stretched elementor-section-boxed elementor-section-height-default elementor-section-items-middle\" data-id=\"6044efc\" data-element_type=\"section\" data-settings=\"{&quot;background_background&quot;:&quot;classic&quot;,&quot;shape_divider_bottom&quot;:&quot;curve&quot;,&quot;shape_divider_bottom_negative&quot;:&quot;yes&quot;,&quot;stretch_section&quot;:&quot;section-stretched&quot;}\">\n\t\t\t\t\t\t\t<div class=\"elementor-background-overlay\"><\/div>\n\t\t\t\t\t\t<div class=\"elementor-shape elementor-shape-bottom\" data-negative=\"true\">\n\t\t\t<svg xmlns=\"http:\/\/www.w3.org\/2000\/svg\" viewBox=\"0 0 1000 100\" preserveAspectRatio=\"none\">\n\t<path class=\"elementor-shape-fill\" d=\"M500,97C126.7,96.3,0.8,19.8,0,0v100l1000,0V1C1000,19.4,873.3,97.8,500,97z\"\/>\n<\/svg>\t\t<\/div>\n\t\t\t\t\t<div class=\"elementor-container elementor-column-gap-default\">\n\t\t\t\t\t\t\t<div class=\"elementor-row\">\n\t\t\t\t\t<div class=\"elementor-column elementor-col-100 elementor-top-column elementor-element elementor-element-34496b9e\" data-id=\"34496b9e\" data-element_type=\"column\">\n\t\t\t<div class=\"elementor-column-wrap\">\n\t\t\t\t\t\t\t<div class=\"elementor-widget-wrap\">\n\t\t\t\t\t\t\t\t<\/div>\n\t\t\t\t\t<\/div>\n\t\t<\/div>\n\t\t\t\t\t\t\t\t<\/div>\n\t\t\t\t\t<\/div>\n\t\t<\/section>\n\t\t\t\t<section class=\"elementor-section elementor-top-section elementor-element elementor-element-58943a09 elementor-section-content-middle elementor-reverse-mobile elementor-section-boxed elementor-section-height-default elementor-section-height-default\" data-id=\"58943a09\" data-element_type=\"section\">\n\t\t\t\t\t\t<div class=\"elementor-container elementor-column-gap-default\">\n\t\t\t\t\t\t\t<div class=\"elementor-row\">\n\t\t\t\t\t<div class=\"elementor-column elementor-col-100 elementor-top-column elementor-element elementor-element-3c04e823\" data-id=\"3c04e823\" data-element_type=\"column\">\n\t\t\t<div class=\"elementor-column-wrap elementor-element-populated\">\n\t\t\t\t\t\t\t<div class=\"elementor-widget-wrap\">\n\t\t\t\t\t\t<div class=\"elementor-element elementor-element-50cff2d0 elementor-widget elementor-widget-heading\" data-id=\"50cff2d0\" data-element_type=\"widget\" data-widget_type=\"heading.default\">\n\t\t\t\t<div class=\"elementor-widget-container\">\n\t\t\t<h3 class=\"elementor-heading-title elementor-size-default\">Tarina yrityksen takana<\/h3>\t\t<\/div>\n\t\t\t\t<\/div>\n\t\t\t\t<div class=\"elementor-element elementor-element-59c51047 elementor-widget elementor-widget-text-editor\" data-id=\"59c51047\" data-element_type=\"widget\" data-widget_type=\"text-editor.default\">\n\t\t\t\t<div class=\"elementor-widget-container\">\n\t\t\t\t\t<div class=\"elementor-text-editor elementor-clearfix\"><p style=\"font-size: 12.8px; font-style: normal; font-weight: 400; color: #333333; font-family: Tahoma, sans-serif;\">Vuonna 1950 Tanu Raution is\u00e4 P\u00e4\u00e4konsuli Olavi Rautio p\u00e4\u00e4tti l\u00e4hte\u00e4 etsim\u00e4\u00e4n kokemuksia ja uusia ideoita. H\u00e4n laittoi repun selk\u00e4\u00e4n ja matkusti rahtilaivalla Espanjaan, Iberian niemimaalle. Sielt\u00e4 h\u00e4n l\u00f6ysi monen seikkailun j\u00e4lkeen idean yritykselleen. Espanjalaiset korut tekiv\u00e4t vaikutuksen taiteen yst\u00e4v\u00e4\u00e4n ja esteetikkoon. H\u00e4n ihastui varsinkin Mallorcan upeisiin helmiin, joiden tuonnin h\u00e4n p\u00e4\u00e4tti aloittaa Suomeen. N\u00e4in sai alkunsa yksi Suomen korubr\u00e4ndeist\u00e4 Ibero.<\/p><p style=\"font-size: 12.8px; font-style: normal; font-weight: 400; color: #333333; font-family: Tahoma, sans-serif;\">Yrityksen alkutaipaleella Olavi sai my\u00f6s idean ryhty\u00e4 myym\u00e4\u00e4n mainos- ja liikelahjoja. Ala oli tuolloin viel\u00e4 Suomessa suhteellisen uusi, mutta idea tuotteista, joissa olisi yrityksen logo, tuntui sopivan korujen kanssa yhteen. Ensimm\u00e4isi\u00e4 liikelahjoja, joita yritys myi, oli mm. Helsingin Olympialaisiin vuonna 1952 tehty silkkihuivi. Valikoima kasvoi pian tuhkakupeilla, sytyttimill\u00e4 ja muilla tupakkatuotteilla perinteisten kynien lis\u00e4ksi. Tuotevalikoima ei ollut niin laaja kuin nykyisin, mutta menestys oli taattu heti alkuun.<\/p><p style=\"font-size: 12.8px; font-style: normal; font-weight: 400; color: #333333; font-family: Tahoma, sans-serif;\">Vuodet vieriv\u00e4t ja yritys kasvoi. Olavin kaksi poikaa ja tyt\u00e4r siirtyiv\u00e4t heti opiskelujen j\u00e4lkeen t\u00f6ihin Iberoon, Janne ja Tiina korupuolelle, Tanu liikelahjoja myym\u00e4\u00e4n. Iberon sisaryritys Ibero Liikelahjat Oy syntyi. My\u00f6hemmin mukaan myyntiin houkuteltiin my\u00f6s Tanun vaimo Kati. Vaikka myynti sujui vauhdikkaasti ja nousujohteisesti, vuonna 2008 Tanusta tuntui, ett\u00e4 ehk\u00e4 el\u00e4m\u00e4ss\u00e4 on aika tehd\u00e4 muutakin. H\u00e4n myi yrityksen ja suuntasi perheens\u00e4 kanssa katseen kohti etel\u00e4\u00e4. Matkalaukut pakattiin ja siirryttiin Iberon alkul\u00e4hteille Espanjan auringon alle. Aurinko l\u00e4mmitti ja valoa ja ihmetelt\u00e4v\u00e4\u00e4 riitti. Jotakin kuitenkin viel\u00e4 puuttui. Samassa paikassa, miss\u00e4 Olavi oli saanut inspiraation Iberon perustamisesta, kyti molempien mieless\u00e4 palo entiseen. Ideoita oli viel\u00e4 paljon ja niit\u00e4 oli kova halu p\u00e4\u00e4st\u00e4 toteuttamaan. Niinp\u00e4 p\u00e4\u00e4timme uutta intoa uhkuen siirty\u00e4 kent\u00e4lle, monta kokemusta rikkaampana ja innokkaina palvelemaan niin entisi\u00e4 kuin uusia asiakkaitamme.<\/p><p style=\"font-size: 12.8px; font-style: normal; font-weight: 400; color: #333333; font-family: Tahoma, sans-serif;\">Yrityksen nimi muuttui, mutta henki, idearikkaus ja palvelualttius ei. Tervetuloa Progiftin asiakkaaksi!<\/p><\/div>\n\t\t\t\t<\/div>\n\t\t\t\t<\/div>\n\t\t\t\t<div class=\"elementor-element elementor-element-62a0cc2 elementor-align-left elementor-mobile-align-center elementor-widget elementor-widget-button\" data-id=\"62a0cc2\" data-element_type=\"widget\" data-widget_type=\"button.default\">\n\t\t\t\t<div class=\"elementor-widget-container\">\n\t\t\t\t\t<div class=\"elementor-button-wrapper\">\n\t\t\t<a href=\"index.php\/yritys\/tietosuojaseloste\" class=\"elementor-button-link elementor-button elementor-size-md\" role=\"button\">\n\t\t\t\t\t\t<span class=\"elementor-button-content-wrapper\">\n\t\t\t\t\t\t<span class=\"elementor-button-icon elementor-align-icon-right\">\n\t\t\t\t<i aria-hidden=\"true\" class=\"fas fa-angle-double-right\"><\/i>\t\t\t<\/span>\n\t\t\t\t\t\t<span class=\"elementor-button-text\">Tietosuojaseloste<\/span>\n\t\t<\/span>\n\t\t\t\t\t<\/a>\n\t\t<\/div>\n\t\t\t\t<\/div>\n\t\t\t\t<\/div>\n\t\t\t\t\t\t<\/div>\n\t\t\t\t\t<\/div>\n\t\t<\/div>\n\t\t\t\t\t\t\t\t<\/div>\n\t\t\t\t\t<\/div>\n\t\t<\/section>\n\t\t\t\t<section class=\"elementor-section elementor-top-section elementor-element elementor-element-43c7f01 elementor-section-boxed elementor-section-height-default elementor-section-height-default\" data-id=\"43c7f01\" data-element_type=\"section\">\n\t\t\t\t\t\t<div class=\"elementor-container elementor-column-gap-default\">\n\t\t\t\t\t\t\t<div class=\"elementor-row\">\n\t\t\t\t\t<div class=\"elementor-column elementor-col-100 elementor-top-column elementor-element elementor-element-e4802cb\" data-id=\"e4802cb\" data-element_type=\"column\">\n\t\t\t<div class=\"elementor-column-wrap elementor-element-populated\">\n\t\t\t\t\t\t\t<div class=\"elementor-widget-wrap\">\n\t\t\t\t\t\t<div class=\"elementor-element elementor-element-b894a83 elementor-widget elementor-widget-spacer\" data-id=\"b894a83\" data-element_type=\"widget\" data-widget_type=\"spacer.default\">\n\t\t\t\t<div class=\"elementor-widget-container\">\n\t\t\t\t\t<div class=\"elementor-spacer\">\n\t\t\t<div class=\"elementor-spacer-inner\"><\/div>\n\t\t<\/div>\n\t\t\t\t<\/div>\n\t\t\t\t<\/div>\n\t\t\t\t\t\t<\/div>\n\t\t\t\t\t<\/div>\n\t\t<\/div>\n\t\t\t\t\t\t\t\t<\/div>\n\t\t\t\t\t<\/div>\n\t\t<\/section>\n\t\t\t\t<section class=\"elementor-section elementor-top-section elementor-element elementor-element-30f2b14 elementor-section-boxed elementor-section-height-default elementor-section-height-default\" data-id=\"30f2b14\" data-element_type=\"section\" data-settings=\"{&quot;background_background&quot;:&quot;classic&quot;}\">\n\t\t\t\t\t\t<div class=\"elementor-container elementor-column-gap-default\">\n\t\t\t\t\t\t\t<div class=\"elementor-row\">\n\t\t\t\t\t<div class=\"elementor-column elementor-col-100 elementor-top-column elementor-element elementor-element-e256874\" data-id=\"e256874\" data-element_type=\"column\">\n\t\t\t<div class=\"elementor-column-wrap elementor-element-populated\">\n\t\t\t\t\t\t\t<div class=\"elementor-widget-wrap\">\n\t\t\t\t\t\t<div class=\"elementor-element elementor-element-fd26dc5 elementor-widget elementor-widget-spacer\" data-id=\"fd26dc5\" data-element_type=\"widget\" data-widget_type=\"spacer.default\">\n\t\t\t\t<div class=\"elementor-widget-container\">\n\t\t\t\t\t<div class=\"elementor-spacer\">\n\t\t\t<div class=\"elementor-spacer-inner\"><\/div>\n\t\t<\/div>\n\t\t\t\t<\/div>\n\t\t\t\t<\/div>\n\t\t\t\t\t\t<\/div>\n\t\t\t\t\t<\/div>\n\t\t<\/div>\n\t\t\t\t\t\t\t\t<\/div>\n\t\t\t\t\t<\/div>\n\t\t<\/section>\n\t\t\t\t<section class=\"elementor-section elementor-top-section elementor-element elementor-element-09cb582 elementor-section-boxed elementor-section-height-default elementor-section-height-default\" data-id=\"09cb582\" data-element_type=\"section\" data-settings=\"{&quot;background_background&quot;:&quot;classic&quot;}\">\n\t\t\t\t\t\t<div class=\"elementor-container elementor-column-gap-default\">\n\t\t\t\t\t\t\t<div class=\"elementor-row\">\n\t\t\t\t\t<div class=\"elementor-column elementor-col-16 elementor-top-column elementor-element elementor-element-fa5eca1\" data-id=\"fa5eca1\" data-element_type=\"column\">\n\t\t\t<div class=\"elementor-column-wrap elementor-element-populated\">\n\t\t\t\t\t\t\t<div class=\"elementor-widget-wrap\">\n\t\t\t\t\t\t<div class=\"elementor-element elementor-element-442d466 elementor-widget elementor-widget-image\" data-id=\"442d466\" data-element_type=\"widget\" data-widget_type=\"image.default\">\n\t\t\t\t<div class=\"elementor-widget-container\">\n\t\t\t\t\t<div class=\"elementor-image\">\n\t\t\t\t\t\t\t\t\t\t<img width=\"1024\" height=\"659\" src=\"https:\/\/progift.fi\/wp-content\/uploads\/2019\/09\/ProGift_vektori-01-1-1024x659.jpg\" class=\"attachment-large size-large\" alt=\"\" loading=\"lazy\" srcset=\"https:\/\/progift.fi\/wp-content\/uploads\/2019\/09\/ProGift_vektori-01-1-1024x659.jpg 1024w, https:\/\/progift.fi\/wp-content\/uploads\/2019\/09\/ProGift_vektori-01-1-300x193.jpg 300w, https:\/\/progift.fi\/wp-content\/uploads\/2019\/09\/ProGift_vektori-01-1-768x494.jpg 768w, https:\/\/progift.fi\/wp-content\/uploads\/2019\/09\/ProGift_vektori-01-1.jpg 1600w\" sizes=\"(max-width: 1024px) 100vw, 1024px\" \/>\t\t\t\t\t\t\t\t\t\t\t<\/div>\n\t\t\t\t<\/div>\n\t\t\t\t<\/div>\n\t\t\t\t\t\t<\/div>\n\t\t\t\t\t<\/div>\n\t\t<\/div>\n\t\t\t\t<div class=\"elementor-column elementor-col-16 elementor-top-column elementor-element elementor-element-0a41381\" data-id=\"0a41381\" data-element_type=\"column\">\n\t\t\t<div class=\"elementor-column-wrap elementor-element-populated\">\n\t\t\t\t\t\t\t<div class=\"elementor-widget-wrap\">\n\t\t\t\t\t\t<div class=\"elementor-element elementor-element-cdb9656 elementor-widget elementor-widget-text-editor\" data-id=\"cdb9656\" data-element_type=\"widget\" data-widget_type=\"text-editor.default\">\n\t\t\t\t<div class=\"elementor-widget-container\">\n\t\t\t\t\t<div class=\"elementor-text-editor elementor-clearfix\"><p><span style=\"font-size: 13px; font-style: normal; font-weight: 400;\">OSOITE<\/span><br \/><span style=\"font-size: 13px; font-style: normal; font-weight: 400;\">(N\u00e4yttely ja tavarantoimitus)<\/span><br \/><span style=\"font-size: 13px; font-style: normal; font-weight: 400;\">H\u00f6yl\u00e4\u00e4m\u00f6tie 11 A<\/span><br \/><span style=\"font-size: 13px; font-style: normal; font-weight: 400;\">00380 Helsinki<\/span><br \/><a style=\"font-size: 13px; font-style: normal; font-weight: 400; background-color: #565656;\" href=\"mailto:kati.rautio@progift.fi\">kati.rautio@progift.fi<\/a><\/p><\/div>\n\t\t\t\t<\/div>\n\t\t\t\t<\/div>\n\t\t\t\t\t\t<\/div>\n\t\t\t\t\t<\/div>\n\t\t<\/div>\n\t\t\t\t<div class=\"elementor-column elementor-col-16 elementor-top-column elementor-element elementor-element-e67a4e2\" data-id=\"e67a4e2\" data-element_type=\"column\">\n\t\t\t<div class=\"elementor-column-wrap elementor-element-populated\">\n\t\t\t\t\t\t\t<div class=\"elementor-widget-wrap\">\n\t\t\t\t\t\t<div class=\"elementor-element elementor-element-34a67ee elementor-widget elementor-widget-text-editor\" data-id=\"34a67ee\" data-element_type=\"widget\" data-widget_type=\"text-editor.default\">\n\t\t\t\t<div class=\"elementor-widget-container\">\n\t\t\t\t\t<div class=\"elementor-text-editor elementor-clearfix\"><p><span style=\"font-size: 13px; font-style: normal; font-weight: 400;\">LASKUTUS<\/span><br \/><span style=\"font-size: 13px; font-style: normal; font-weight: 400;\">Progift Oy<\/span><br \/><span style=\"font-size: 13px; font-style: normal; font-weight: 400;\">Elontie 37 A1<\/span><br \/><span style=\"font-size: 13px; font-style: normal; font-weight: 400;\">00660 Helsinki<\/span><br \/><span style=\"font-size: 13px; font-style: normal; font-weight: 400;\">Finland<\/span><\/p><\/div>\n\t\t\t\t<\/div>\n\t\t\t\t<\/div>\n\t\t\t\t\t\t<\/div>\n\t\t\t\t\t<\/div>\n\t\t<\/div>\n\t\t\t\t<div class=\"elementor-column elementor-col-16 elementor-top-column elementor-element elementor-element-31563db\" data-id=\"31563db\" data-element_type=\"column\">\n\t\t\t<div class=\"elementor-column-wrap elementor-element-populated\">\n\t\t\t\t\t\t\t<div class=\"elementor-widget-wrap\">\n\t\t\t\t\t\t<div class=\"elementor-element elementor-element-859eeaf elementor-widget elementor-widget-text-editor\" data-id=\"859eeaf\" data-element_type=\"widget\" data-widget_type=\"text-editor.default\">\n\t\t\t\t<div class=\"elementor-widget-container\">\n\t\t\t\t\t<div class=\"elementor-text-editor elementor-clearfix\"><p><span style=\"font-size: 13px; font-style: normal; font-weight: 400;\">YHTEYS<\/span><br \/><span style=\"font-size: 13px; font-style: normal; font-weight: 400;\">Tanu: +358 50 563 5675<\/span><br \/><a style=\"font-size: 13px; font-style: normal; font-weight: 400; background-color: #565656;\" href=\"mailto:tanu.rautio@progift.fi\">tanu.rautio@progift.fi<\/a><br \/><span style=\"font-size: 13px; font-style: normal; font-weight: 400;\">Kati: +358 50 341 3104<\/span><br \/><a style=\"font-size: 13px; font-style: normal; font-weight: 400; background-color: #565656;\" href=\"mailto:kati.rautio@progift.fi\">kati.rautio@progift.fi<\/a><\/p><\/div>\n\t\t\t\t<\/div>\n\t\t\t\t<\/div>\n\t\t\t\t\t\t<\/div>\n\t\t\t\t\t<\/div>\n\t\t<\/div>\n\t\t\t\t<div class=\"elementor-column elementor-col-16 elementor-top-column elementor-element elementor-element-840207a\" data-id=\"840207a\" data-element_type=\"column\">\n\t\t\t<div class=\"elementor-column-wrap elementor-element-populated\">\n\t\t\t\t\t\t\t<div class=\"elementor-widget-wrap\">\n\t\t\t\t\t\t<div class=\"elementor-element elementor-element-7c5d15a elementor-widget elementor-widget-google_maps\" data-id=\"7c5d15a\" data-element_type=\"widget\" data-widget_type=\"google_maps.default\">\n\t\t\t\t<div class=\"elementor-widget-container\">\n\t\t\t<div class=\"elementor-custom-embed\"><iframe frameborder=\"0\" scrolling=\"no\" marginheight=\"0\" marginwidth=\"0\" src=\"https:\/\/maps.google.com\/maps?q=Progift%20Oy&amp;t=m&amp;z=10&amp;output=embed&amp;iwloc=near\" title=\"Progift Oy\" aria-label=\"Progift Oy\"><\/iframe><\/div>\t\t<\/div>\n\t\t\t\t<\/div>\n\t\t\t\t\t\t<\/div>\n\t\t\t\t\t<\/div>\n\t\t<\/div>\n\t\t\t\t<div class=\"elementor-column elementor-col-16 elementor-top-column elementor-element elementor-element-5b6a605\" data-id=\"5b6a605\" data-element_type=\"column\">\n\t\t\t<div class=\"elementor-column-wrap elementor-element-populated\">\n\t\t\t\t\t\t\t<div class=\"elementor-widget-wrap\">\n\t\t\t\t\t\t<div class=\"elementor-element elementor-element-2474690 elementor-shape-square e-grid-align-right e-grid-align-right elementor-grid-0 elementor-widget elementor-widget-social-icons\" data-id=\"2474690\" data-element_type=\"widget\" data-widget_type=\"social-icons.default\">\n\t\t\t\t<div class=\"elementor-widget-container\">\n\t\t\t\t\t<div class=\"elementor-social-icons-wrapper elementor-grid\">\n\t\t\t\t\t\t\t<div class=\"elementor-grid-item\">\n\t\t\t\t\t<a class=\"elementor-icon elementor-social-icon elementor-social-icon-facebook-f elementor-repeater-item-oj9fk8m\" href=\"https:\/\/fi-fi.facebook.com\/pages\/category\/Company\/Progift-Oy-228816833980324\/\" target=\"_blank\">\n\t\t\t\t\t\t<span class=\"elementor-screen-only\">Facebook-f<\/span>\n\t\t\t\t\t\t<i class=\"fab fa-facebook-f\"><\/i>\t\t\t\t\t<\/a>\n\t\t\t\t<\/div>\n\t\t\t\t\t\t\t<div class=\"elementor-grid-item\">\n\t\t\t\t\t<a class=\"elementor-icon elementor-social-icon elementor-social-icon-envelope elementor-repeater-item-aq66v58\" href=\"mailto:kati.rautio@progift.fi\" target=\"_blank\">\n\t\t\t\t\t\t<span class=\"elementor-screen-only\">Envelope<\/span>\n\t\t\t\t\t\t<i class=\"fas fa-envelope\"><\/i>\t\t\t\t\t<\/a>\n\t\t\t\t<\/div>\n\t\t\t\t\t<\/div>\n\t\t\t\t<\/div>\n\t\t\t\t<\/div>\n\t\t\t\t\t\t<\/div>\n\t\t\t\t\t<\/div>\n\t\t<\/div>\n\t\t\t\t\t\t\t\t<\/div>\n\t\t\t\t\t<\/div>\n\t\t<\/section>\n\t\t\t\t<section class=\"elementor-section elementor-top-section elementor-element elementor-element-df26199 elementor-section-boxed elementor-section-height-default elementor-section-height-default\" data-id=\"df26199\" data-element_type=\"section\" data-settings=\"{&quot;background_background&quot;:&quot;classic&quot;}\">\n\t\t\t\t\t\t<div class=\"elementor-container elementor-column-gap-default\">\n\t\t\t\t\t\t\t<div class=\"elementor-row\">\n\t\t\t\t\t<div class=\"elementor-column elementor-col-100 elementor-top-column elementor-element elementor-element-ee9bde4\" data-id=\"ee9bde4\" data-element_type=\"column\">\n\t\t\t<div class=\"elementor-column-wrap elementor-element-populated\">\n\t\t\t\t\t\t\t<div class=\"elementor-widget-wrap\">\n\t\t\t\t\t\t<div class=\"elementor-element elementor-element-1733964 elementor-widget elementor-widget-spacer\" data-id=\"1733964\" data-element_type=\"widget\" data-widget_type=\"spacer.default\">\n\t\t\t\t<div class=\"elementor-widget-container\">\n\t\t\t\t\t<div class=\"elementor-spacer\">\n\t\t\t<div class=\"elementor-spacer-inner\"><\/div>\n\t\t<\/div>\n\t\t\t\t<\/div>\n\t\t\t\t<\/div>\n\t\t\t\t\t\t<\/div>\n\t\t\t\t\t<\/div>\n\t\t<\/div>\n\t\t\t\t\t\t\t\t<\/div>\n\t\t\t\t\t<\/div>\n\t\t<\/section>\n\t\t\t\t\t\t<\/div>\n\t\t\t\t\t\t<\/div>\n\t\t\t\t\t<\/div>\n\t\t","protected":false},"excerpt":{"rendered":"<p>Tarina yrityksen takana Vuonna 1950 Tanu Raution is\u00e4 P\u00e4\u00e4konsuli Olavi Rautio p\u00e4\u00e4tti l\u00e4hte\u00e4 etsim\u00e4\u00e4n kokemuksia ja uusia ideoita. H\u00e4n laittoi repun selk\u00e4\u00e4n ja matkusti rahtilaivalla Espanjaan, Iberian niemimaalle. Sielt\u00e4 h\u00e4n l\u00f6ysi monen seikkailun j\u00e4lkeen idean yritykselleen. Espanjalaiset korut tekiv\u00e4t vaikutuksen taiteen yst\u00e4v\u00e4\u00e4n ja esteetikkoon. H\u00e4n ihastui varsinkin Mallorcan upeisiin helmiin, joiden tuonnin h\u00e4n p\u00e4\u00e4tti aloittaa &hellip;<\/p>\n<p class=\"read-more\"> <a class=\"\" href=\"https:\/\/progift.fi\/index.php\/yritys\/\"> <span class=\"screen-reader-text\">Yritys<\/span> Lue lis\u00e4\u00e4 &raquo;<\/a><\/p>\n","protected":false},"author":1,"featured_media":0,"parent":0,"menu_order":0,"comment_status":"closed","ping_status":"closed","template":"","meta":[],"_links":{"self":[{"href":"https:\/\/progift.fi\/index.php\/wp-json\/wp\/v2\/pages\/177"}],"collection":[{"href":"https:\/\/progift.fi\/index.php\/wp-json\/wp\/v2\/pages"}],"about":[{"href":"https:\/\/progift.fi\/index.php\/wp-json\/wp\/v2\/types\/page"}],"author":[{"embeddable":true,"href":"https:\/\/progift.fi\/index.php\/wp-json\/wp\/v2\/users\/1"}],"replies":[{"embeddable":true,"href":"https:\/\/progift.fi\/index.php\/wp-json\/wp\/v2\/comments?post=177"}],"version-history":[{"count":35,"href":"https:\/\/progift.fi\/index.php\/wp-json\/wp\/v2\/pages\/177\/revisions"}],"predecessor-version":[{"id":1915,"href":"https:\/\/progift.fi\/index.php\/wp-json\/wp\/v2\/pages\/177\/revisions\/1915"}],"wp:attachment":[{"href":"https:\/\/progift.fi\/index.php\/wp-json\/wp\/v2\/media?parent=177"}],"curies":[{"name":"wp","href":"https:\/\/api.w.org\/{rel}","templated":true}]}}