{"id":1796,"date":"2020-09-03T14:20:15","date_gmt":"2020-09-03T14:20:15","guid":{"rendered":"https:\/\/progift.fi\/?page_id=1796"},"modified":"2020-09-03T14:20:41","modified_gmt":"2020-09-03T14:20:41","slug":"teejays-basic-t-paita","status":"publish","type":"page","link":"https:\/\/progift.fi\/index.php\/teejays-basic-t-paita\/","title":{"rendered":"TeeJays Basic t-paita"},"content":{"rendered":"\t\t<div data-elementor-type=\"wp-page\" data-elementor-id=\"1796\" class=\"elementor elementor-1796\" data-elementor-settings=\"[]\">\n\t\t\t\t\t\t<div class=\"elementor-inner\">\n\t\t\t\t\t\t\t<div class=\"elementor-section-wrap\">\n\t\t\t\t\t\t\t<section class=\"elementor-section elementor-top-section elementor-element elementor-element-eeecd1e elementor-section-boxed elementor-section-height-default elementor-section-height-default\" data-id=\"eeecd1e\" data-element_type=\"section\">\n\t\t\t\t\t\t<div class=\"elementor-container elementor-column-gap-default\">\n\t\t\t\t\t\t\t<div class=\"elementor-row\">\n\t\t\t\t\t<div class=\"elementor-column elementor-col-100 elementor-top-column elementor-element elementor-element-63370f0\" data-id=\"63370f0\" data-element_type=\"column\">\n\t\t\t<div class=\"elementor-column-wrap elementor-element-populated\">\n\t\t\t\t\t\t\t<div class=\"elementor-widget-wrap\">\n\t\t\t\t\t\t<div class=\"elementor-element elementor-element-cc8d828 elementor-widget elementor-widget-spacer\" data-id=\"cc8d828\" data-element_type=\"widget\" data-widget_type=\"spacer.default\">\n\t\t\t\t<div class=\"elementor-widget-container\">\n\t\t\t\t\t<div class=\"elementor-spacer\">\n\t\t\t<div class=\"elementor-spacer-inner\"><\/div>\n\t\t<\/div>\n\t\t\t\t<\/div>\n\t\t\t\t<\/div>\n\t\t\t\t\t\t<\/div>\n\t\t\t\t\t<\/div>\n\t\t<\/div>\n\t\t\t\t\t\t\t\t<\/div>\n\t\t\t\t\t<\/div>\n\t\t<\/section>\n\t\t\t\t<section class=\"elementor-section elementor-top-section elementor-element elementor-element-426dcc6 elementor-section-boxed elementor-section-height-default elementor-section-height-default\" data-id=\"426dcc6\" data-element_type=\"section\">\n\t\t\t\t\t\t<div class=\"elementor-container elementor-column-gap-default\">\n\t\t\t\t\t\t\t<div class=\"elementor-row\">\n\t\t\t\t\t<div class=\"elementor-column elementor-col-50 elementor-top-column elementor-element elementor-element-ffc185b\" data-id=\"ffc185b\" data-element_type=\"column\">\n\t\t\t<div class=\"elementor-column-wrap elementor-element-populated\">\n\t\t\t\t\t\t\t<div class=\"elementor-widget-wrap\">\n\t\t\t\t\t\t<div class=\"elementor-element elementor-element-ec132a4 elementor-widget elementor-widget-image\" data-id=\"ec132a4\" data-element_type=\"widget\" data-widget_type=\"image.default\">\n\t\t\t\t<div class=\"elementor-widget-container\">\n\t\t\t\t\t<div class=\"elementor-image\">\n\t\t\t\t\t\t\t\t\t\t<img width=\"1000\" height=\"1000\" src=\"https:\/\/progift.fi\/wp-content\/uploads\/2020\/09\/TeeJays_Basic_t-paita.jpg\" class=\"attachment-large size-large\" alt=\"\" loading=\"lazy\" srcset=\"https:\/\/progift.fi\/wp-content\/uploads\/2020\/09\/TeeJays_Basic_t-paita.jpg 1000w, https:\/\/progift.fi\/wp-content\/uploads\/2020\/09\/TeeJays_Basic_t-paita-300x300.jpg 300w, https:\/\/progift.fi\/wp-content\/uploads\/2020\/09\/TeeJays_Basic_t-paita-150x150.jpg 150w, https:\/\/progift.fi\/wp-content\/uploads\/2020\/09\/TeeJays_Basic_t-paita-768x768.jpg 768w\" sizes=\"(max-width: 1000px) 100vw, 1000px\" \/>\t\t\t\t\t\t\t\t\t\t\t<\/div>\n\t\t\t\t<\/div>\n\t\t\t\t<\/div>\n\t\t\t\t\t\t<\/div>\n\t\t\t\t\t<\/div>\n\t\t<\/div>\n\t\t\t\t<div class=\"elementor-column elementor-col-50 elementor-top-column elementor-element elementor-element-8e1d5b7\" data-id=\"8e1d5b7\" data-element_type=\"column\">\n\t\t\t<div class=\"elementor-column-wrap elementor-element-populated\">\n\t\t\t\t\t\t\t<div class=\"elementor-widget-wrap\">\n\t\t\t\t\t\t<div class=\"elementor-element elementor-element-6bf1ed8 elementor-widget elementor-widget-text-editor\" data-id=\"6bf1ed8\" data-element_type=\"widget\" data-widget_type=\"text-editor.default\">\n\t\t\t\t<div class=\"elementor-widget-container\">\n\t\t\t\t\t<div class=\"elementor-text-editor elementor-clearfix\"><h3>TeeJays Basic t-paita<\/h3><p>Basic Tee on yksi parhaista mainostekstiilimarkkinoiden T-paidoista. Kangas on tehty pitk\u00e4st\u00e4 rengaskehr\u00e4tyst\u00e4 puuvillasta, jonka ansiosta se on sile\u00e4\u00e4 ja pehme\u00e4.\u00a0<span style=\"font-size: 15px;\">Sopii erinomaisesti painatukseen.<\/span><\/p><ul><li>Materiaali: 100 % rengaskehr\u00e4tty\u00e4 pitk\u00e4kuituista kampapuuvillaa<\/li><li>Paino: 150 g\/m\u00b2<\/li><li>Kaksinkertainen Lycraa sis\u00e4lt\u00e4v\u00e4 kaula-aukko<\/li><li>Vahvistetut olka- ja niskasaumat<\/li><li>Ei sivusaumoja (poikkeuksena 3XL-5XL koot)<\/li><li>Esikutistettu kangas, tuplatikkaukset<\/li><\/ul><p>Koot: S &#8211; 5XL<\/p><p>Naisten ja miesten mallit. Useita v\u00e4rej\u00e4<\/p><p>Hinta alkaen: 5\u20ac\/kpl (ei sis\u00e4ll\u00e4 merkint\u00e4\u00e4)<\/p><div>\u00a0<\/div><\/div>\n\t\t\t\t<\/div>\n\t\t\t\t<\/div>\n\t\t\t\t\t\t<\/div>\n\t\t\t\t\t<\/div>\n\t\t<\/div>\n\t\t\t\t\t\t\t\t<\/div>\n\t\t\t\t\t<\/div>\n\t\t<\/section>\n\t\t\t\t\t\t<\/div>\n\t\t\t\t\t\t<\/div>\n\t\t\t\t\t<\/div>\n\t\t","protected":false},"excerpt":{"rendered":"<p>TeeJays Basic t-paita Basic Tee on yksi parhaista mainostekstiilimarkkinoiden T-paidoista. Kangas on tehty pitk\u00e4st\u00e4 rengaskehr\u00e4tyst\u00e4 puuvillasta, jonka ansiosta se on sile\u00e4\u00e4 ja pehme\u00e4.\u00a0Sopii erinomaisesti painatukseen. Materiaali: 100 % rengaskehr\u00e4tty\u00e4 pitk\u00e4kuituista kampapuuvillaa Paino: 150 g\/m\u00b2 Kaksinkertainen Lycraa sis\u00e4lt\u00e4v\u00e4 kaula-aukko Vahvistetut olka- ja niskasaumat Ei sivusaumoja (poikkeuksena 3XL-5XL koot) Esikutistettu kangas, tuplatikkaukset Koot: S &#8211; 5XL Naisten &hellip;<\/p>\n<p class=\"read-more\"> <a class=\"\" href=\"https:\/\/progift.fi\/index.php\/teejays-basic-t-paita\/\"> <span class=\"screen-reader-text\">TeeJays Basic t-paita<\/span> Lue lis\u00e4\u00e4 &raquo;<\/a><\/p>\n","protected":false},"author":1,"featured_media":0,"parent":0,"menu_order":0,"comment_status":"closed","ping_status":"closed","template":"","meta":[],"_links":{"self":[{"href":"https:\/\/progift.fi\/index.php\/wp-json\/wp\/v2\/pages\/1796"}],"collection":[{"href":"https:\/\/progift.fi\/index.php\/wp-json\/wp\/v2\/pages"}],"about":[{"href":"https:\/\/progift.fi\/index.php\/wp-json\/wp\/v2\/types\/page"}],"author":[{"embeddable":true,"href":"https:\/\/progift.fi\/index.php\/wp-json\/wp\/v2\/users\/1"}],"replies":[{"embeddable":true,"href":"https:\/\/progift.fi\/index.php\/wp-json\/wp\/v2\/comments?post=1796"}],"version-history":[{"count":2,"href":"https:\/\/progift.fi\/index.php\/wp-json\/wp\/v2\/pages\/1796\/revisions"}],"predecessor-version":[{"id":1799,"href":"https:\/\/progift.fi\/index.php\/wp-json\/wp\/v2\/pages\/1796\/revisions\/1799"}],"wp:attachment":[{"href":"https:\/\/progift.fi\/index.php\/wp-json\/wp\/v2\/media?parent=1796"}],"curies":[{"name":"wp","href":"https:\/\/api.w.org\/{rel}","templated":true}]}}