{"id":1888,"date":"2020-09-16T08:54:18","date_gmt":"2020-09-16T08:54:18","guid":{"rendered":"https:\/\/progift.fi\/?page_id=1888"},"modified":"2020-09-16T09:14:52","modified_gmt":"2020-09-16T09:14:52","slug":"tietosuojaseloste","status":"publish","type":"page","link":"https:\/\/progift.fi\/index.php\/tietosuojaseloste\/","title":{"rendered":"Tietosuojaseloste"},"content":{"rendered":"\t\t<div data-elementor-type=\"wp-page\" data-elementor-id=\"1888\" class=\"elementor elementor-1888\" data-elementor-settings=\"[]\">\n\t\t\t\t\t\t<div class=\"elementor-inner\">\n\t\t\t\t\t\t\t<div class=\"elementor-section-wrap\">\n\t\t\t\t\t\t\t<section class=\"elementor-section elementor-top-section elementor-element elementor-element-1226159 elementor-section-boxed elementor-section-height-default elementor-section-height-default\" data-id=\"1226159\" data-element_type=\"section\">\n\t\t\t\t\t\t<div class=\"elementor-container elementor-column-gap-default\">\n\t\t\t\t\t\t\t<div class=\"elementor-row\">\n\t\t\t\t\t<div class=\"elementor-column elementor-col-100 elementor-top-column elementor-element elementor-element-b396d05\" data-id=\"b396d05\" data-element_type=\"column\">\n\t\t\t<div class=\"elementor-column-wrap elementor-element-populated\">\n\t\t\t\t\t\t\t<div class=\"elementor-widget-wrap\">\n\t\t\t\t\t\t<div class=\"elementor-element elementor-element-bf88023 elementor-widget elementor-widget-spacer\" data-id=\"bf88023\" data-element_type=\"widget\" data-widget_type=\"spacer.default\">\n\t\t\t\t<div class=\"elementor-widget-container\">\n\t\t\t\t\t<div class=\"elementor-spacer\">\n\t\t\t<div class=\"elementor-spacer-inner\"><\/div>\n\t\t<\/div>\n\t\t\t\t<\/div>\n\t\t\t\t<\/div>\n\t\t\t\t\t\t<\/div>\n\t\t\t\t\t<\/div>\n\t\t<\/div>\n\t\t\t\t\t\t\t\t<\/div>\n\t\t\t\t\t<\/div>\n\t\t<\/section>\n\t\t\t\t<section class=\"elementor-section elementor-top-section elementor-element elementor-element-5fffbca elementor-section-boxed elementor-section-height-default elementor-section-height-default\" data-id=\"5fffbca\" data-element_type=\"section\">\n\t\t\t\t\t\t<div class=\"elementor-container elementor-column-gap-default\">\n\t\t\t\t\t\t\t<div class=\"elementor-row\">\n\t\t\t\t\t<div class=\"elementor-column elementor-col-100 elementor-top-column elementor-element elementor-element-77f6ab2\" data-id=\"77f6ab2\" data-element_type=\"column\">\n\t\t\t<div class=\"elementor-column-wrap elementor-element-populated\">\n\t\t\t\t\t\t\t<div class=\"elementor-widget-wrap\">\n\t\t\t\t\t\t<div class=\"elementor-element elementor-element-da42ffe elementor-widget elementor-widget-heading\" data-id=\"da42ffe\" data-element_type=\"widget\" data-widget_type=\"heading.default\">\n\t\t\t\t<div class=\"elementor-widget-container\">\n\t\t\t<h2 class=\"elementor-heading-title elementor-size-default\">Tietosuojaseloste<\/h2>\t\t<\/div>\n\t\t\t\t<\/div>\n\t\t\t\t\t\t<\/div>\n\t\t\t\t\t<\/div>\n\t\t<\/div>\n\t\t\t\t\t\t\t\t<\/div>\n\t\t\t\t\t<\/div>\n\t\t<\/section>\n\t\t\t\t<section class=\"elementor-section elementor-top-section elementor-element elementor-element-a665693 elementor-section-boxed elementor-section-height-default elementor-section-height-default\" data-id=\"a665693\" data-element_type=\"section\">\n\t\t\t\t\t\t<div class=\"elementor-container elementor-column-gap-default\">\n\t\t\t\t\t\t\t<div class=\"elementor-row\">\n\t\t\t\t\t<div class=\"elementor-column elementor-col-100 elementor-top-column elementor-element elementor-element-5b40e27\" data-id=\"5b40e27\" data-element_type=\"column\">\n\t\t\t<div class=\"elementor-column-wrap elementor-element-populated\">\n\t\t\t\t\t\t\t<div class=\"elementor-widget-wrap\">\n\t\t\t\t\t\t<div class=\"elementor-element elementor-element-3ca1e98 elementor-widget elementor-widget-text-editor\" data-id=\"3ca1e98\" data-element_type=\"widget\" data-widget_type=\"text-editor.default\">\n\t\t\t\t<div class=\"elementor-widget-container\">\n\t\t\t\t\t<div class=\"elementor-text-editor elementor-clearfix\"><h4><b>GDPR tiedote<\/b><\/h4>\n<p>Arvoisa asiakkaamme,<\/p>\n<p>Euroopan unionin tietosuoja-asetusuudistui ja sit\u00e4 alettiin soveltamaan 25.5.2018 alkaen. Kaikissa EU:n j\u00e4senmaissa sovelletaan nyt uuttaGDPR (General Data Protection Regulation) tietosuoja-asetusta henkil\u00f6tietojen k\u00e4sittelyss\u00e4. Asian t\u00e4rkeyden takia haluamme nyt kertoa asiakkaillemme, ett\u00e4 toimimme yleisen tietosuoja-asetuksen mukaisesti.<\/p>\n<p>Haluamme tarjota Sinulle uutiskirjeiden muodossa ajankohtaista tietoa tuotteistamme, kampanjoistamme ja toiminnastamme. Postituslistamme koostuu asiakkailta saaduista yhteystiedoista.<\/p><p><br><\/p><\/div>\n\t\t\t\t<\/div>\n\t\t\t\t<\/div>\n\t\t\t\t\t\t<\/div>\n\t\t\t\t\t<\/div>\n\t\t<\/div>\n\t\t\t\t\t\t\t\t<\/div>\n\t\t\t\t\t<\/div>\n\t\t<\/section>\n\t\t\t\t<section class=\"elementor-section elementor-top-section elementor-element elementor-element-add4a45 elementor-section-boxed elementor-section-height-default elementor-section-height-default\" data-id=\"add4a45\" data-element_type=\"section\">\n\t\t\t\t\t\t<div class=\"elementor-container elementor-column-gap-default\">\n\t\t\t\t\t\t\t<div class=\"elementor-row\">\n\t\t\t\t\t<div class=\"elementor-column elementor-col-100 elementor-top-column elementor-element elementor-element-923eca9\" data-id=\"923eca9\" data-element_type=\"column\">\n\t\t\t<div class=\"elementor-column-wrap elementor-element-populated\">\n\t\t\t\t\t\t\t<div class=\"elementor-widget-wrap\">\n\t\t\t\t\t\t<div class=\"elementor-element elementor-element-d39c1fd elementor-widget elementor-widget-text-editor\" data-id=\"d39c1fd\" data-element_type=\"widget\" data-widget_type=\"text-editor.default\">\n\t\t\t\t<div class=\"elementor-widget-container\">\n\t\t\t\t\t<div class=\"elementor-text-editor elementor-clearfix\"><h4><strong>Tietosuojaseloste<\/strong><\/h4><h4><b style=\"font-size: 12px; font-style: inherit; color: var( --e-global-color-4397f8a7 );\">EU:n yleisen tietosuoja-asetuksen mukainen tietosuojaseloste,\u00a0<\/b><span style=\"font-size: 12px; color: var( --e-global-color-4397f8a7 );\">Progift Oy:n asiakasrekisteri<\/span><\/h4><p><b>1. Rekisterinpit\u00e4j\u00e4<\/b><\/p><p>Progift Oy<br \/>Y-tunnus:1969936-8<br \/>Osoite: Elontie 37 A1, 00660 Helsinki, www.progift.fi<\/p><p><b>2. Rekisteriasioita hoitavan henkil\u00f6n yhteystiedot\/ tietosuojavaltuutettu:<\/b><\/p><p>Kati Rautio<br \/>Puhelinnumero: 050- 341 3104<\/p><p>S\u00e4hk\u00f6postiosoite: kati.rautio@progift.fi<\/p><p><b>3. Rekisterin k\u00e4ytt\u00f6tarkoitus<\/b><\/p><p>Ker\u00e4\u00e4mme henkil\u00f6tietoja kommunikointiin tilauksiin ja laskuihin liittyviss\u00e4 asioissa, tilausten ja laskujen sek\u00e4 niihin liittyvien dokumenttien toimittamiseksi, markkinointipostin l\u00e4hett\u00e4miseksi sek\u00e4 yleisesti asiakassuhteen hoitamiseksi.<\/p><p><b>4. Tietojen ker\u00e4\u00e4misen ja k\u00e4sittelyn peruste, s\u00e4\u00e4nn\u00f6nmukaiset tietol\u00e4hteet<\/b><\/p><p>Asiakkaan tietoja ker\u00e4\u00e4mme asiakkaalta itselt\u00e4\u00e4n.<\/p><p>K\u00e4sittelyn peruste on liikesuhteen yll\u00e4pito. Tietoja on k\u00e4sitelt\u00e4v\u00e4, jotta voimme hoitaa asiakkaan kanssa teht\u00e4v\u00e4n kaupank\u00e4ynnin velvoitteet sek\u00e4 tarjota ajankohtaista informaatiota palveluistamme, tuotteista ja k\u00e4ynniss\u00e4 olevista kampanjoista.<\/p><p><b>5. Rekisterin tietosis\u00e4lt\u00f6<\/b><\/p><p>Asiakasyrityksen yhteyshenkil\u00f6iden nimi, puhelinnumero ja s\u00e4hk\u00f6postiosoite. Lis\u00e4ksi rekister\u00f6imme sellaisia henkil\u00f6tietoja, jotka asiakas antaa tilauksen yhteydess\u00e4. T\u00e4llaista tietoa on tyypillisimmin toimitusosoite ja siihen liittyv\u00e4t nimi, puhelinnumero, s\u00e4hk\u00f6postiosoite tai tilausviite.<\/p><p><b>6. Tietojen s\u00e4ilytysaika<\/b><\/p><p>Henkil\u00f6tietoja s\u00e4ilytet\u00e4\u00e4n niin kauan, kun niit\u00e4 tarvitaan asiakkaan kanssa teht\u00e4v\u00e4n sopimuksen t\u00e4yt\u00e4nt\u00f6\u00f6n panemiseksi tai asiakaspalvelun kehitt\u00e4miseksii tai niin kauan kuin se lains\u00e4\u00e4d\u00e4nn\u00f6n (kirjanpitolaki, kuluttajasuojalaki) mukaan on tarpeen s\u00e4ilytt\u00e4\u00e4.<\/p><p><b>7. S\u00e4\u00e4nn\u00f6nmukaiset tietojen luovutukset ja tietojen siirto EU:n tai Euroopan talousalueen ulkopuolelle<\/b><\/p><p>Tietoja luovutetaan EU:n sis\u00e4ll\u00e4 alihankkijoille (tietojen k\u00e4sittelij\u00f6ille) satunnaisesti, esim. puhelinnumero ja nimi, tilauksen toimittamiseksi perille, mik\u00e4li asiakas pyyt\u00e4\u00e4 tietojen lis\u00e4\u00e4misen tilaukselle joko antamalla oletustoimitusosoitteeksi puhelinnumerolla tai nimell\u00e4 varustetun osoitteen tai antamalla t\u00e4ll\u00e4isen osoitteen erikseen tilauskohtaisesti.<\/p><p><b>8. Rekisterin suojaus<\/b><\/p><p>S\u00e4hk\u00f6iset tiedot on suojattu asianmukaisesti palomuurilla, k\u00e4ytt\u00e4j\u00e4tunnuksin ja salasanoin.<\/p><p>Tietojen k\u00e4sittelyoikeus on vain niill\u00e4 rekisterinpit\u00e4j\u00e4n palveluksessa olevilla henkil\u00f6ill\u00e4, jotka tarvitsevat tietoja teht\u00e4viss\u00e4\u00e4n.<\/p><p><b>9. Automaattinen p\u00e4\u00e4t\u00f6ksenteko<\/b><\/p><p>Automatisoituja yksitt\u00e4isp\u00e4\u00e4t\u00f6ksi\u00e4 (EU:n tietosuoja-asetuksen artikla 22) ei tehd\u00e4.<\/p><p><b>10.Rekister\u00f6idyn oikeudet<\/b><\/p><p>Rekister\u00f6idyll\u00e4 on oikeus tarkastaa, mit\u00e4 h\u00e4nt\u00e4 koskevia tietoja henkil\u00f6tietorekisteriin on talletettu.<\/p><p>Rekister\u00f6idyill\u00e4 on oikeus vaatia virheellisten tai vanhentuneiden tietojen oikaisua tai poistamista. Rekister\u00f6idyill\u00e4 on my\u00f6s oikeus rajoittaa tai vastustaa tietojensa k\u00e4sittely\u00e4 EU:n tietosuoja-asetuksen artiklojen 18 ja 21 mukaisesti.<\/p><p>Rekister\u00f6idyll\u00e4 on oikeus peruuttaa aiemmin antamansa suostumus tietojen k\u00e4sittelylle tai tehd\u00e4 henkil\u00f6tietojensa k\u00e4sittelyyn liittyvist\u00e4 seikoista valitus valvontaviranomaiselle.<\/p><p>Kirjallinen tarkastus-, muutos tai poistopyynt\u00f6 tulee l\u00e4hett\u00e4\u00e4 rekisteriasioista vastaavalle henkil\u00f6lle s\u00e4hk\u00f6postitse tai postitse. Rekisterinpit\u00e4j\u00e4 pid\u00e4tt\u00e4\u00e4 oikeuden tarkastaa edelll\u00e4 mainitun pyynn\u00f6n l\u00e4hett\u00e4neen henkil\u00f6llisyyden.<\/p><p>\u00a0<\/p><\/div>\n\t\t\t\t<\/div>\n\t\t\t\t<\/div>\n\t\t\t\t\t\t<\/div>\n\t\t\t\t\t<\/div>\n\t\t<\/div>\n\t\t\t\t\t\t\t\t<\/div>\n\t\t\t\t\t<\/div>\n\t\t<\/section>\n\t\t\t\t<section class=\"elementor-section elementor-top-section elementor-element elementor-element-7a609b4 elementor-section-boxed elementor-section-height-default elementor-section-height-default\" data-id=\"7a609b4\" data-element_type=\"section\">\n\t\t\t\t\t\t<div class=\"elementor-container elementor-column-gap-default\">\n\t\t\t\t\t\t\t<div class=\"elementor-row\">\n\t\t\t\t\t<div class=\"elementor-column elementor-col-100 elementor-top-column elementor-element elementor-element-4defc8a\" data-id=\"4defc8a\" data-element_type=\"column\">\n\t\t\t<div class=\"elementor-column-wrap elementor-element-populated\">\n\t\t\t\t\t\t\t<div class=\"elementor-widget-wrap\">\n\t\t\t\t\t\t<div class=\"elementor-element elementor-element-51da94c elementor-widget elementor-widget-text-editor\" data-id=\"51da94c\" data-element_type=\"widget\" data-widget_type=\"text-editor.default\">\n\t\t\t\t<div class=\"elementor-widget-container\">\n\t\t\t\t\t<div class=\"elementor-text-editor elementor-clearfix\"><h4><b>Ev\u00e4steet<\/b><\/h4>\n<p><\/p>\n<p>Sivuilla k\u00e4ytet\u00e4\u00e4n ev\u00e4steit\u00e4 (\u201dcookies\u201d) k\u00e4ytt\u00e4j\u00e4kokemuksen parantamiseksi sek\u00e4 verkkosivuston k\u00e4ytt\u00f6\u00e4 koskevien tietojen ker\u00e4\u00e4miseksi. Ev\u00e4ste on pieni tekstitiedosto, joka sivustolla vieraillessasi tai toimiessasi tallentuu verkkoselaimesi muistiin.<\/p>\n<p>Voit halutessasi est\u00e4\u00e4 ev\u00e4steiden tallentumisen verkkoselaimeesi. Useimmat selaimet hyv\u00e4ksyv\u00e4t ev\u00e4steet automaattisesti, mutta voit halutessasi itse muuttaa asetuksia niin, ett\u00e4 ev\u00e4steit\u00e4 ei hyv\u00e4ksyt\u00e4. Ev\u00e4steiden k\u00e4yt\u00f6n est\u00e4minen voi kuitenkin heikent\u00e4\u00e4 verkkosivuston toiminnallisuutta.<\/p>\n<p>Ev\u00e4steit\u00e4 k\u00e4ytet\u00e4\u00e4n mm. asiakkaan tunnistamiseen ja kirjautumisen yll\u00e4pit\u00e4miseen. N\u00e4ihin toimintoihin ev\u00e4steiden ja selaimen paikallisen varaston (\u201dlocal storage\u201d) k\u00e4ytt\u00f6 ja niiden k\u00e4yt\u00f6n hyv\u00e4ksyminen on pakollista.<\/p>\n<p>Ev\u00e4steill\u00e4 ja muilla tunnisteilla on m\u00e4\u00e4ritetty voimassaoloaika, jonka j\u00e4lkeen selain poistaa tunnisteen. Toiminnalliset ev\u00e4steet ja paikallisen varaston muuttujat s\u00e4ilyv\u00e4t selaimessa 15min-24kk, ellei niit\u00e4 poisteta erikseen selaimen asetuksista. K\u00e4yminen sivustoilla asettaa selaimen salliessa ev\u00e4steet ja paikallisen varaston muuttujat uudelleen.<\/p>\n<div>&nbsp;<\/div>\n<div>&nbsp;<\/div><\/div>\n\t\t\t\t<\/div>\n\t\t\t\t<\/div>\n\t\t\t\t\t\t<\/div>\n\t\t\t\t\t<\/div>\n\t\t<\/div>\n\t\t\t\t\t\t\t\t<\/div>\n\t\t\t\t\t<\/div>\n\t\t<\/section>\n\t\t\t\t\t\t<\/div>\n\t\t\t\t\t\t<\/div>\n\t\t\t\t\t<\/div>\n\t\t","protected":false},"excerpt":{"rendered":"<p>Tietosuojaseloste GDPR tiedote Arvoisa asiakkaamme, Euroopan unionin tietosuoja-asetusuudistui ja sit\u00e4 alettiin soveltamaan 25.5.2018 alkaen. Kaikissa EU:n j\u00e4senmaissa sovelletaan nyt uuttaGDPR (General Data Protection Regulation) tietosuoja-asetusta henkil\u00f6tietojen k\u00e4sittelyss\u00e4. Asian t\u00e4rkeyden takia haluamme nyt kertoa asiakkaillemme, ett\u00e4 toimimme yleisen tietosuoja-asetuksen mukaisesti. Haluamme tarjota Sinulle uutiskirjeiden muodossa ajankohtaista tietoa tuotteistamme, kampanjoistamme ja toiminnastamme. Postituslistamme koostuu asiakkailta saaduista yhteystiedoista. &hellip;<\/p>\n<p class=\"read-more\"> <a class=\"\" href=\"https:\/\/progift.fi\/index.php\/tietosuojaseloste\/\"> <span class=\"screen-reader-text\">Tietosuojaseloste<\/span> Lue lis\u00e4\u00e4 &raquo;<\/a><\/p>\n","protected":false},"author":1,"featured_media":0,"parent":0,"menu_order":0,"comment_status":"closed","ping_status":"closed","template":"","meta":[],"_links":{"self":[{"href":"https:\/\/progift.fi\/index.php\/wp-json\/wp\/v2\/pages\/1888"}],"collection":[{"href":"https:\/\/progift.fi\/index.php\/wp-json\/wp\/v2\/pages"}],"about":[{"href":"https:\/\/progift.fi\/index.php\/wp-json\/wp\/v2\/types\/page"}],"author":[{"embeddable":true,"href":"https:\/\/progift.fi\/index.php\/wp-json\/wp\/v2\/users\/1"}],"replies":[{"embeddable":true,"href":"https:\/\/progift.fi\/index.php\/wp-json\/wp\/v2\/comments?post=1888"}],"version-history":[{"count":12,"href":"https:\/\/progift.fi\/index.php\/wp-json\/wp\/v2\/pages\/1888\/revisions"}],"predecessor-version":[{"id":1901,"href":"https:\/\/progift.fi\/index.php\/wp-json\/wp\/v2\/pages\/1888\/revisions\/1901"}],"wp:attachment":[{"href":"https:\/\/progift.fi\/index.php\/wp-json\/wp\/v2\/media?parent=1888"}],"curies":[{"name":"wp","href":"https:\/\/api.w.org\/{rel}","templated":true}]}}