{"id":2003,"date":"2020-09-17T15:32:09","date_gmt":"2020-09-17T15:32:09","guid":{"rendered":"https:\/\/progift.fi\/?page_id=2003"},"modified":"2020-09-17T15:34:46","modified_gmt":"2020-09-17T15:34:46","slug":"colorissimo-power-tower-poytalaturi","status":"publish","type":"page","link":"https:\/\/progift.fi\/index.php\/colorissimo-power-tower-poytalaturi\/","title":{"rendered":"Colorissimo Power Tower p\u00f6yt\u00e4laturi"},"content":{"rendered":"\t\t<div data-elementor-type=\"wp-page\" data-elementor-id=\"2003\" class=\"elementor elementor-2003\" data-elementor-settings=\"[]\">\n\t\t\t\t\t\t<div class=\"elementor-inner\">\n\t\t\t\t\t\t\t<div class=\"elementor-section-wrap\">\n\t\t\t\t\t\t\t<section class=\"elementor-section elementor-top-section elementor-element elementor-element-0223f27 elementor-section-boxed elementor-section-height-default elementor-section-height-default\" data-id=\"0223f27\" data-element_type=\"section\">\n\t\t\t\t\t\t<div class=\"elementor-container elementor-column-gap-default\">\n\t\t\t\t\t\t\t<div class=\"elementor-row\">\n\t\t\t\t\t<div class=\"elementor-column elementor-col-100 elementor-top-column elementor-element elementor-element-c97254a\" data-id=\"c97254a\" data-element_type=\"column\">\n\t\t\t<div class=\"elementor-column-wrap elementor-element-populated\">\n\t\t\t\t\t\t\t<div class=\"elementor-widget-wrap\">\n\t\t\t\t\t\t<div class=\"elementor-element elementor-element-f498fc7 elementor-widget elementor-widget-spacer\" data-id=\"f498fc7\" data-element_type=\"widget\" data-widget_type=\"spacer.default\">\n\t\t\t\t<div class=\"elementor-widget-container\">\n\t\t\t\t\t<div class=\"elementor-spacer\">\n\t\t\t<div class=\"elementor-spacer-inner\"><\/div>\n\t\t<\/div>\n\t\t\t\t<\/div>\n\t\t\t\t<\/div>\n\t\t\t\t\t\t<\/div>\n\t\t\t\t\t<\/div>\n\t\t<\/div>\n\t\t\t\t\t\t\t\t<\/div>\n\t\t\t\t\t<\/div>\n\t\t<\/section>\n\t\t\t\t<section class=\"elementor-section elementor-top-section elementor-element elementor-element-c92baa1 elementor-section-boxed elementor-section-height-default elementor-section-height-default\" data-id=\"c92baa1\" data-element_type=\"section\">\n\t\t\t\t\t\t<div class=\"elementor-container elementor-column-gap-default\">\n\t\t\t\t\t\t\t<div class=\"elementor-row\">\n\t\t\t\t\t<div class=\"elementor-column elementor-col-50 elementor-top-column elementor-element elementor-element-bf96e49\" data-id=\"bf96e49\" data-element_type=\"column\">\n\t\t\t<div class=\"elementor-column-wrap elementor-element-populated\">\n\t\t\t\t\t\t\t<div class=\"elementor-widget-wrap\">\n\t\t\t\t\t\t<div class=\"elementor-element elementor-element-f6464c8 elementor-widget elementor-widget-image\" data-id=\"f6464c8\" data-element_type=\"widget\" data-widget_type=\"image.default\">\n\t\t\t\t<div class=\"elementor-widget-container\">\n\t\t\t\t\t<div class=\"elementor-image\">\n\t\t\t\t\t\t\t\t\t\t<img width=\"1000\" height=\"1000\" src=\"https:\/\/progift.fi\/wp-content\/uploads\/2020\/09\/Colorissimo-power-tower.jpg\" class=\"attachment-large size-large\" alt=\"\" loading=\"lazy\" srcset=\"https:\/\/progift.fi\/wp-content\/uploads\/2020\/09\/Colorissimo-power-tower.jpg 1000w, https:\/\/progift.fi\/wp-content\/uploads\/2020\/09\/Colorissimo-power-tower-300x300.jpg 300w, https:\/\/progift.fi\/wp-content\/uploads\/2020\/09\/Colorissimo-power-tower-150x150.jpg 150w, https:\/\/progift.fi\/wp-content\/uploads\/2020\/09\/Colorissimo-power-tower-768x768.jpg 768w\" sizes=\"(max-width: 1000px) 100vw, 1000px\" \/>\t\t\t\t\t\t\t\t\t\t\t<\/div>\n\t\t\t\t<\/div>\n\t\t\t\t<\/div>\n\t\t\t\t\t\t<\/div>\n\t\t\t\t\t<\/div>\n\t\t<\/div>\n\t\t\t\t<div class=\"elementor-column elementor-col-50 elementor-top-column elementor-element elementor-element-7d91de6\" data-id=\"7d91de6\" data-element_type=\"column\">\n\t\t\t<div class=\"elementor-column-wrap elementor-element-populated\">\n\t\t\t\t\t\t\t<div class=\"elementor-widget-wrap\">\n\t\t\t\t\t\t<div class=\"elementor-element elementor-element-d0c8a5d elementor-widget elementor-widget-text-editor\" data-id=\"d0c8a5d\" data-element_type=\"widget\" data-widget_type=\"text-editor.default\">\n\t\t\t\t<div class=\"elementor-widget-container\">\n\t\t\t\t\t<div class=\"elementor-text-editor elementor-clearfix\"><h3>Colorissimo Power Tower p\u00f6yt\u00e4laturi<\/h3><h3><span style=\"color: #7a7a7a;\"><span style=\"font-size: 15px;\">Kodin ja toimiston latauspiste, 5 USB-porttia laitteiden lataamiseen yhta\u0308 aikaa. Tyylika\u0308s muotoilu, valkoinen lahjarasia Output 5.0 \/ 5 A, merkkaus 1-va\u0308rinen tampopainatus Clorissimo sarjan p\u00f6yt\u00e4laturi, jossa useita v\u00e4rej\u00e4. Sarjaan saatavilla my\u00f6s muita tuotteita, kuten latureita, kuulokkeita, juomapulloja, reppuja yms. Voit yhdistell\u00e4 sarjan tuotteista sopivat oman yrityksesi v\u00e4reill\u00e4.<\/span><\/span><\/h3><h3><span style=\"font-size: 15px; color: #7a7a7a; font-family: var( --e-global-typography-text-font-family );\">Hinta alkaen 29 \u20ac\/kpl<\/span><\/h3><div>\u00a0<\/div><div>\u00a0<\/div><div>\u00a0<\/div><div>\u00a0<\/div><div>\u00a0<\/div><\/div>\n\t\t\t\t<\/div>\n\t\t\t\t<\/div>\n\t\t\t\t\t\t<\/div>\n\t\t\t\t\t<\/div>\n\t\t<\/div>\n\t\t\t\t\t\t\t\t<\/div>\n\t\t\t\t\t<\/div>\n\t\t<\/section>\n\t\t\t\t\t\t<\/div>\n\t\t\t\t\t\t<\/div>\n\t\t\t\t\t<\/div>\n\t\t","protected":false},"excerpt":{"rendered":"<p>Colorissimo Power Tower p\u00f6yt\u00e4laturi Kodin ja toimiston latauspiste, 5 USB-porttia laitteiden lataamiseen yhta\u0308 aikaa. Tyylika\u0308s muotoilu, valkoinen lahjarasia Output 5.0 \/ 5 A, merkkaus 1-va\u0308rinen tampopainatus Clorissimo sarjan p\u00f6yt\u00e4laturi, jossa useita v\u00e4rej\u00e4. Sarjaan saatavilla my\u00f6s muita tuotteita, kuten latureita, kuulokkeita, juomapulloja, reppuja yms. Voit yhdistell\u00e4 sarjan tuotteista sopivat oman yrityksesi v\u00e4reill\u00e4. Hinta alkaen 29 \u20ac\/kpl &hellip;<\/p>\n<p class=\"read-more\"> <a class=\"\" href=\"https:\/\/progift.fi\/index.php\/colorissimo-power-tower-poytalaturi\/\"> <span class=\"screen-reader-text\">Colorissimo Power Tower p\u00f6yt\u00e4laturi<\/span> Lue lis\u00e4\u00e4 &raquo;<\/a><\/p>\n","protected":false},"author":1,"featured_media":0,"parent":0,"menu_order":0,"comment_status":"closed","ping_status":"closed","template":"","meta":[],"_links":{"self":[{"href":"https:\/\/progift.fi\/index.php\/wp-json\/wp\/v2\/pages\/2003"}],"collection":[{"href":"https:\/\/progift.fi\/index.php\/wp-json\/wp\/v2\/pages"}],"about":[{"href":"https:\/\/progift.fi\/index.php\/wp-json\/wp\/v2\/types\/page"}],"author":[{"embeddable":true,"href":"https:\/\/progift.fi\/index.php\/wp-json\/wp\/v2\/users\/1"}],"replies":[{"embeddable":true,"href":"https:\/\/progift.fi\/index.php\/wp-json\/wp\/v2\/comments?post=2003"}],"version-history":[{"count":3,"href":"https:\/\/progift.fi\/index.php\/wp-json\/wp\/v2\/pages\/2003\/revisions"}],"predecessor-version":[{"id":2008,"href":"https:\/\/progift.fi\/index.php\/wp-json\/wp\/v2\/pages\/2003\/revisions\/2008"}],"wp:attachment":[{"href":"https:\/\/progift.fi\/index.php\/wp-json\/wp\/v2\/media?parent=2003"}],"curies":[{"name":"wp","href":"https:\/\/api.w.org\/{rel}","templated":true}]}}