{"id":2067,"date":"2020-09-18T06:02:51","date_gmt":"2020-09-18T06:02:51","guid":{"rendered":"https:\/\/progift.fi\/?page_id=2067"},"modified":"2021-02-08T09:37:11","modified_gmt":"2021-02-08T09:37:11","slug":"moneta_antibakteerinen_kuulakarkikyna","status":"publish","type":"page","link":"https:\/\/progift.fi\/index.php\/moneta_antibakteerinen_kuulakarkikyna\/","title":{"rendered":"Moneta anti-bakteerinen kuulak\u00e4rkikyn\u00e4"},"content":{"rendered":"\t\t<div data-elementor-type=\"wp-page\" data-elementor-id=\"2067\" class=\"elementor elementor-2067\" data-elementor-settings=\"[]\">\n\t\t\t\t\t\t<div class=\"elementor-inner\">\n\t\t\t\t\t\t\t<div class=\"elementor-section-wrap\">\n\t\t\t\t\t\t\t<section class=\"elementor-section elementor-top-section elementor-element elementor-element-0223f27 elementor-section-boxed elementor-section-height-default elementor-section-height-default\" data-id=\"0223f27\" data-element_type=\"section\">\n\t\t\t\t\t\t<div class=\"elementor-container elementor-column-gap-default\">\n\t\t\t\t\t\t\t<div class=\"elementor-row\">\n\t\t\t\t\t<div class=\"elementor-column elementor-col-100 elementor-top-column elementor-element elementor-element-c97254a\" data-id=\"c97254a\" data-element_type=\"column\">\n\t\t\t<div class=\"elementor-column-wrap elementor-element-populated\">\n\t\t\t\t\t\t\t<div class=\"elementor-widget-wrap\">\n\t\t\t\t\t\t<div class=\"elementor-element elementor-element-f498fc7 elementor-widget elementor-widget-spacer\" data-id=\"f498fc7\" data-element_type=\"widget\" data-widget_type=\"spacer.default\">\n\t\t\t\t<div class=\"elementor-widget-container\">\n\t\t\t\t\t<div class=\"elementor-spacer\">\n\t\t\t<div class=\"elementor-spacer-inner\"><\/div>\n\t\t<\/div>\n\t\t\t\t<\/div>\n\t\t\t\t<\/div>\n\t\t\t\t\t\t<\/div>\n\t\t\t\t\t<\/div>\n\t\t<\/div>\n\t\t\t\t\t\t\t\t<\/div>\n\t\t\t\t\t<\/div>\n\t\t<\/section>\n\t\t\t\t<section class=\"elementor-section elementor-top-section elementor-element elementor-element-c92baa1 elementor-section-boxed elementor-section-height-default elementor-section-height-default\" data-id=\"c92baa1\" data-element_type=\"section\">\n\t\t\t\t\t\t<div class=\"elementor-container elementor-column-gap-default\">\n\t\t\t\t\t\t\t<div class=\"elementor-row\">\n\t\t\t\t\t<div class=\"elementor-column elementor-col-50 elementor-top-column elementor-element elementor-element-bf96e49\" data-id=\"bf96e49\" data-element_type=\"column\">\n\t\t\t<div class=\"elementor-column-wrap elementor-element-populated\">\n\t\t\t\t\t\t\t<div class=\"elementor-widget-wrap\">\n\t\t\t\t\t\t<div class=\"elementor-element elementor-element-f6464c8 elementor-widget elementor-widget-image\" data-id=\"f6464c8\" data-element_type=\"widget\" data-widget_type=\"image.default\">\n\t\t\t\t<div class=\"elementor-widget-container\">\n\t\t\t\t\t<div class=\"elementor-image\">\n\t\t\t\t\t\t\t\t\t\t<img width=\"1000\" height=\"1000\" src=\"https:\/\/progift.fi\/wp-content\/uploads\/2021\/02\/Moneta_antibakteerinen_kuulakarkikyna.jpg\" class=\"attachment-large size-large\" alt=\"\" loading=\"lazy\" srcset=\"https:\/\/progift.fi\/wp-content\/uploads\/2021\/02\/Moneta_antibakteerinen_kuulakarkikyna.jpg 1000w, https:\/\/progift.fi\/wp-content\/uploads\/2021\/02\/Moneta_antibakteerinen_kuulakarkikyna-300x300.jpg 300w, https:\/\/progift.fi\/wp-content\/uploads\/2021\/02\/Moneta_antibakteerinen_kuulakarkikyna-150x150.jpg 150w, https:\/\/progift.fi\/wp-content\/uploads\/2021\/02\/Moneta_antibakteerinen_kuulakarkikyna-768x768.jpg 768w\" sizes=\"(max-width: 1000px) 100vw, 1000px\" \/>\t\t\t\t\t\t\t\t\t\t\t<\/div>\n\t\t\t\t<\/div>\n\t\t\t\t<\/div>\n\t\t\t\t\t\t<\/div>\n\t\t\t\t\t<\/div>\n\t\t<\/div>\n\t\t\t\t<div class=\"elementor-column elementor-col-50 elementor-top-column elementor-element elementor-element-7d91de6\" data-id=\"7d91de6\" data-element_type=\"column\">\n\t\t\t<div class=\"elementor-column-wrap elementor-element-populated\">\n\t\t\t\t\t\t\t<div class=\"elementor-widget-wrap\">\n\t\t\t\t\t\t<div class=\"elementor-element elementor-element-d0c8a5d elementor-widget elementor-widget-text-editor\" data-id=\"d0c8a5d\" data-element_type=\"widget\" data-widget_type=\"text-editor.default\">\n\t\t\t\t<div class=\"elementor-widget-container\">\n\t\t\t\t\t<div class=\"elementor-text-editor elementor-clearfix\"><h3>Moneta anti-bakteerinen kuulak\u00e4rkikyn\u00e4<\/h3><h3><span style=\"color: #7a7a7a;\"><span style=\"font-size: 15px;\">Anti-bakteerinen kuulak\u00e4rkikyn\u00e4 klik-mekanismilla. Silver nano powder-lis\u00e4, joka v\u00e4hent\u00e4\u00e4 mikro-organismien kasvua kyn\u00e4n pinnalla. Ideaalinen k\u00e4ytett\u00e4v\u00e4ksi esimerkiksi kouluissa, hotelleissa, kuntosaleilla, ravintoloissa, toimistoissa, sairaaloissa, pankeissa ja muissa ymp\u00e4rist\u00f6iss\u00e4 joissa samaa kyn\u00e4\u00e4 k\u00e4ytt\u00e4v\u00e4t useat henkil\u00f6t. ISO 22196 (2011) testattu. ABS Muovi.<\/span><\/span><\/h3><div>Hinta alkaen 0,50 \u20ac\/kpl<\/div><div>\u00a0<\/div><div>\u00a0<\/div><div>\u00a0<\/div><h3><span style=\"font-size: 15px; color: var( --e-global-color-text ); font-family: var( --e-global-typography-text-font-family );\">\u00a0<\/span><\/h3><div>\u00a0<\/div><div>\u00a0<\/div><div>\u00a0<\/div><div>\u00a0<\/div><div>\u00a0<\/div><\/div>\n\t\t\t\t<\/div>\n\t\t\t\t<\/div>\n\t\t\t\t\t\t<\/div>\n\t\t\t\t\t<\/div>\n\t\t<\/div>\n\t\t\t\t\t\t\t\t<\/div>\n\t\t\t\t\t<\/div>\n\t\t<\/section>\n\t\t\t\t\t\t<\/div>\n\t\t\t\t\t\t<\/div>\n\t\t\t\t\t<\/div>\n\t\t","protected":false},"excerpt":{"rendered":"<p>Moneta anti-bakteerinen kuulak\u00e4rkikyn\u00e4 Anti-bakteerinen kuulak\u00e4rkikyn\u00e4 klik-mekanismilla. Silver nano powder-lis\u00e4, joka v\u00e4hent\u00e4\u00e4 mikro-organismien kasvua kyn\u00e4n pinnalla. Ideaalinen k\u00e4ytett\u00e4v\u00e4ksi esimerkiksi kouluissa, hotelleissa, kuntosaleilla, ravintoloissa, toimistoissa, sairaaloissa, pankeissa ja muissa ymp\u00e4rist\u00f6iss\u00e4 joissa samaa kyn\u00e4\u00e4 k\u00e4ytt\u00e4v\u00e4t useat henkil\u00f6t. ISO 22196 (2011) testattu. ABS Muovi. Hinta alkaen 0,50 \u20ac\/kpl\u00a0\u00a0\u00a0 \u00a0 \u00a0\u00a0\u00a0\u00a0\u00a0<\/p>\n","protected":false},"author":1,"featured_media":0,"parent":0,"menu_order":0,"comment_status":"closed","ping_status":"closed","template":"","meta":[],"_links":{"self":[{"href":"https:\/\/progift.fi\/index.php\/wp-json\/wp\/v2\/pages\/2067"}],"collection":[{"href":"https:\/\/progift.fi\/index.php\/wp-json\/wp\/v2\/pages"}],"about":[{"href":"https:\/\/progift.fi\/index.php\/wp-json\/wp\/v2\/types\/page"}],"author":[{"embeddable":true,"href":"https:\/\/progift.fi\/index.php\/wp-json\/wp\/v2\/users\/1"}],"replies":[{"embeddable":true,"href":"https:\/\/progift.fi\/index.php\/wp-json\/wp\/v2\/comments?post=2067"}],"version-history":[{"count":15,"href":"https:\/\/progift.fi\/index.php\/wp-json\/wp\/v2\/pages\/2067\/revisions"}],"predecessor-version":[{"id":2171,"href":"https:\/\/progift.fi\/index.php\/wp-json\/wp\/v2\/pages\/2067\/revisions\/2171"}],"wp:attachment":[{"href":"https:\/\/progift.fi\/index.php\/wp-json\/wp\/v2\/media?parent=2067"}],"curies":[{"name":"wp","href":"https:\/\/api.w.org\/{rel}","templated":true}]}}