{"id":2147,"date":"2021-02-08T09:38:26","date_gmt":"2021-02-08T09:38:26","guid":{"rendered":"https:\/\/progift.fi\/?page_id=2147"},"modified":"2021-02-08T09:39:29","modified_gmt":"2021-02-08T09:39:29","slug":"h2o-active-base-pure-650-ml-lappakantinen-urheilujuomapullo","status":"publish","type":"page","link":"https:\/\/progift.fi\/index.php\/h2o-active-base-pure-650-ml-lappakantinen-urheilujuomapullo\/","title":{"rendered":"H2O Active\u00ae Base Pure 650 ml l\u00e4pp\u00e4kantinen urheilujuomapullo"},"content":{"rendered":"\t\t<div data-elementor-type=\"wp-page\" data-elementor-id=\"2147\" class=\"elementor elementor-2147\" data-elementor-settings=\"[]\">\n\t\t\t\t\t\t<div class=\"elementor-inner\">\n\t\t\t\t\t\t\t<div class=\"elementor-section-wrap\">\n\t\t\t\t\t\t\t<section class=\"elementor-section elementor-top-section elementor-element elementor-element-0223f27 elementor-section-boxed elementor-section-height-default elementor-section-height-default\" data-id=\"0223f27\" data-element_type=\"section\">\n\t\t\t\t\t\t<div class=\"elementor-container elementor-column-gap-default\">\n\t\t\t\t\t\t\t<div class=\"elementor-row\">\n\t\t\t\t\t<div class=\"elementor-column elementor-col-100 elementor-top-column elementor-element elementor-element-c97254a\" data-id=\"c97254a\" data-element_type=\"column\">\n\t\t\t<div class=\"elementor-column-wrap elementor-element-populated\">\n\t\t\t\t\t\t\t<div class=\"elementor-widget-wrap\">\n\t\t\t\t\t\t<div class=\"elementor-element elementor-element-f498fc7 elementor-widget elementor-widget-spacer\" data-id=\"f498fc7\" data-element_type=\"widget\" data-widget_type=\"spacer.default\">\n\t\t\t\t<div class=\"elementor-widget-container\">\n\t\t\t\t\t<div class=\"elementor-spacer\">\n\t\t\t<div class=\"elementor-spacer-inner\"><\/div>\n\t\t<\/div>\n\t\t\t\t<\/div>\n\t\t\t\t<\/div>\n\t\t\t\t\t\t<\/div>\n\t\t\t\t\t<\/div>\n\t\t<\/div>\n\t\t\t\t\t\t\t\t<\/div>\n\t\t\t\t\t<\/div>\n\t\t<\/section>\n\t\t\t\t<section class=\"elementor-section elementor-top-section elementor-element elementor-element-c92baa1 elementor-section-boxed elementor-section-height-default elementor-section-height-default\" data-id=\"c92baa1\" data-element_type=\"section\">\n\t\t\t\t\t\t<div class=\"elementor-container elementor-column-gap-default\">\n\t\t\t\t\t\t\t<div class=\"elementor-row\">\n\t\t\t\t\t<div class=\"elementor-column elementor-col-50 elementor-top-column elementor-element elementor-element-bf96e49\" data-id=\"bf96e49\" data-element_type=\"column\">\n\t\t\t<div class=\"elementor-column-wrap elementor-element-populated\">\n\t\t\t\t\t\t\t<div class=\"elementor-widget-wrap\">\n\t\t\t\t\t\t<div class=\"elementor-element elementor-element-f6464c8 elementor-widget elementor-widget-image\" data-id=\"f6464c8\" data-element_type=\"widget\" data-widget_type=\"image.default\">\n\t\t\t\t<div class=\"elementor-widget-container\">\n\t\t\t\t\t<div class=\"elementor-image\">\n\t\t\t\t\t\t\t\t\t\t<img width=\"1000\" height=\"1000\" src=\"https:\/\/progift.fi\/wp-content\/uploads\/2021\/02\/H2OActiveBasePure_650ml_lappakantinen_urheilujuomapullo.jpg\" class=\"attachment-large size-large\" alt=\"\" loading=\"lazy\" srcset=\"https:\/\/progift.fi\/wp-content\/uploads\/2021\/02\/H2OActiveBasePure_650ml_lappakantinen_urheilujuomapullo.jpg 1000w, https:\/\/progift.fi\/wp-content\/uploads\/2021\/02\/H2OActiveBasePure_650ml_lappakantinen_urheilujuomapullo-300x300.jpg 300w, https:\/\/progift.fi\/wp-content\/uploads\/2021\/02\/H2OActiveBasePure_650ml_lappakantinen_urheilujuomapullo-150x150.jpg 150w, https:\/\/progift.fi\/wp-content\/uploads\/2021\/02\/H2OActiveBasePure_650ml_lappakantinen_urheilujuomapullo-768x768.jpg 768w\" sizes=\"(max-width: 1000px) 100vw, 1000px\" \/>\t\t\t\t\t\t\t\t\t\t\t<\/div>\n\t\t\t\t<\/div>\n\t\t\t\t<\/div>\n\t\t\t\t\t\t<\/div>\n\t\t\t\t\t<\/div>\n\t\t<\/div>\n\t\t\t\t<div class=\"elementor-column elementor-col-50 elementor-top-column elementor-element elementor-element-7d91de6\" data-id=\"7d91de6\" data-element_type=\"column\">\n\t\t\t<div class=\"elementor-column-wrap elementor-element-populated\">\n\t\t\t\t\t\t\t<div class=\"elementor-widget-wrap\">\n\t\t\t\t\t\t<div class=\"elementor-element elementor-element-d0c8a5d elementor-widget elementor-widget-text-editor\" data-id=\"d0c8a5d\" data-element_type=\"widget\" data-widget_type=\"text-editor.default\">\n\t\t\t\t<div class=\"elementor-widget-container\">\n\t\t\t\t\t<div class=\"elementor-text-editor elementor-clearfix\"><h3>H2O Active\u00ae Base Pure 650 ml l\u00e4pp\u00e4kantinen urheilujuomapullo\u00a0<\/h3><h3><span style=\"color: #7a7a7a;\"><span style=\"font-size: 15px;\">T\u00e4m\u00e4 ergonomisesti muotoiltu yksisein\u00e4m\u00e4inen urheilupullo on valmistettu kierr\u00e4tett\u00e4v\u00e4st\u00e4 PET-materiaalista. Roiskumaton l\u00e4pp\u00e4kansi. Korkin antimikrobinen Biomaster-tekniikka suojaa haitallisten mikro-organismien kasvulta. T\u00e4m\u00e4 toimii tehokkaasti tuotteen koko k\u00e4ytt\u00f6i\u00e4n ajan eik\u00e4 vaikuta kierr\u00e4tett\u00e4vyyteen. Valmistettu Isossa-Britanniassa. Pakattu kompostoituvaan pussiin. PET Muovi, 99% PP Muovi ja 1% Antibacterial additive.<\/span><\/span><\/h3><h3><span style=\"color: #7a7a7a;\"><span style=\"font-size: 15px;\">Hinta alkaen 4,90 \u20ac\/kpl<\/span><\/span><\/h3><div>\u00a0<\/div><div>\u00a0<\/div><div>\u00a0<\/div><div>\u00a0<\/div><h3><span style=\"font-size: 15px; color: var( --e-global-color-text ); font-family: var( --e-global-typography-text-font-family );\">\u00a0<\/span><\/h3><div>\u00a0<\/div><div>\u00a0<\/div><div>\u00a0<\/div><div>\u00a0<\/div><div>\u00a0<\/div><\/div>\n\t\t\t\t<\/div>\n\t\t\t\t<\/div>\n\t\t\t\t\t\t<\/div>\n\t\t\t\t\t<\/div>\n\t\t<\/div>\n\t\t\t\t\t\t\t\t<\/div>\n\t\t\t\t\t<\/div>\n\t\t<\/section>\n\t\t\t\t\t\t<\/div>\n\t\t\t\t\t\t<\/div>\n\t\t\t\t\t<\/div>\n\t\t","protected":false},"excerpt":{"rendered":"<p>H2O Active\u00ae Base Pure 650 ml l\u00e4pp\u00e4kantinen urheilujuomapullo\u00a0 T\u00e4m\u00e4 ergonomisesti muotoiltu yksisein\u00e4m\u00e4inen urheilupullo on valmistettu kierr\u00e4tett\u00e4v\u00e4st\u00e4 PET-materiaalista. Roiskumaton l\u00e4pp\u00e4kansi. Korkin antimikrobinen Biomaster-tekniikka suojaa haitallisten mikro-organismien kasvulta. T\u00e4m\u00e4 toimii tehokkaasti tuotteen koko k\u00e4ytt\u00f6i\u00e4n ajan eik\u00e4 vaikuta kierr\u00e4tett\u00e4vyyteen. Valmistettu Isossa-Britanniassa. Pakattu kompostoituvaan pussiin. PET Muovi, 99% PP Muovi ja 1% Antibacterial additive. Hinta alkaen 4,90 \u20ac\/kpl \u00a0\u00a0\u00a0\u00a0 &hellip;<\/p>\n<p class=\"read-more\"> <a class=\"\" href=\"https:\/\/progift.fi\/index.php\/h2o-active-base-pure-650-ml-lappakantinen-urheilujuomapullo\/\"> <span class=\"screen-reader-text\">H2O Active\u00ae Base Pure 650 ml l\u00e4pp\u00e4kantinen urheilujuomapullo<\/span> Lue lis\u00e4\u00e4 &raquo;<\/a><\/p>\n","protected":false},"author":1,"featured_media":0,"parent":0,"menu_order":0,"comment_status":"closed","ping_status":"closed","template":"","meta":[],"_links":{"self":[{"href":"https:\/\/progift.fi\/index.php\/wp-json\/wp\/v2\/pages\/2147"}],"collection":[{"href":"https:\/\/progift.fi\/index.php\/wp-json\/wp\/v2\/pages"}],"about":[{"href":"https:\/\/progift.fi\/index.php\/wp-json\/wp\/v2\/types\/page"}],"author":[{"embeddable":true,"href":"https:\/\/progift.fi\/index.php\/wp-json\/wp\/v2\/users\/1"}],"replies":[{"embeddable":true,"href":"https:\/\/progift.fi\/index.php\/wp-json\/wp\/v2\/comments?post=2147"}],"version-history":[{"count":4,"href":"https:\/\/progift.fi\/index.php\/wp-json\/wp\/v2\/pages\/2147\/revisions"}],"predecessor-version":[{"id":2177,"href":"https:\/\/progift.fi\/index.php\/wp-json\/wp\/v2\/pages\/2147\/revisions\/2177"}],"wp:attachment":[{"href":"https:\/\/progift.fi\/index.php\/wp-json\/wp\/v2\/media?parent=2147"}],"curies":[{"name":"wp","href":"https:\/\/api.w.org\/{rel}","templated":true}]}}