{"id":949,"date":"2020-02-22T19:37:31","date_gmt":"2020-02-22T19:37:31","guid":{"rendered":"https:\/\/progift.fi\/?page_id=949"},"modified":"2020-02-23T00:29:29","modified_gmt":"2020-02-23T00:29:29","slug":"lean-juomapullo","status":"publish","type":"page","link":"https:\/\/progift.fi\/index.php\/lean-juomapullo\/","title":{"rendered":"Lean juomapullo"},"content":{"rendered":"\t\t<div data-elementor-type=\"wp-page\" data-elementor-id=\"949\" class=\"elementor elementor-949\" data-elementor-settings=\"[]\">\n\t\t\t\t\t\t<div class=\"elementor-inner\">\n\t\t\t\t\t\t\t<div class=\"elementor-section-wrap\">\n\t\t\t\t\t\t\t<section class=\"elementor-section elementor-top-section elementor-element elementor-element-52bd158 elementor-section-boxed elementor-section-height-default elementor-section-height-default\" data-id=\"52bd158\" data-element_type=\"section\">\n\t\t\t\t\t\t<div class=\"elementor-container elementor-column-gap-default\">\n\t\t\t\t\t\t\t<div class=\"elementor-row\">\n\t\t\t\t\t<div class=\"elementor-column elementor-col-50 elementor-top-column elementor-element elementor-element-e110c8d\" data-id=\"e110c8d\" data-element_type=\"column\">\n\t\t\t<div class=\"elementor-column-wrap elementor-element-populated\">\n\t\t\t\t\t\t\t<div class=\"elementor-widget-wrap\">\n\t\t\t\t\t\t<div class=\"elementor-element elementor-element-8b3ba15 elementor-widget elementor-widget-image\" data-id=\"8b3ba15\" data-element_type=\"widget\" data-widget_type=\"image.default\">\n\t\t\t\t<div class=\"elementor-widget-container\">\n\t\t\t\t\t<div class=\"elementor-image\">\n\t\t\t\t\t\t\t\t\t\t<img width=\"1000\" height=\"1000\" src=\"https:\/\/progift.fi\/wp-content\/uploads\/2020\/02\/Lean_L.jpg\" class=\"attachment-large size-large\" alt=\"\" loading=\"lazy\" srcset=\"https:\/\/progift.fi\/wp-content\/uploads\/2020\/02\/Lean_L.jpg 1000w, https:\/\/progift.fi\/wp-content\/uploads\/2020\/02\/Lean_L-300x300.jpg 300w, https:\/\/progift.fi\/wp-content\/uploads\/2020\/02\/Lean_L-150x150.jpg 150w, https:\/\/progift.fi\/wp-content\/uploads\/2020\/02\/Lean_L-768x768.jpg 768w\" sizes=\"(max-width: 1000px) 100vw, 1000px\" \/>\t\t\t\t\t\t\t\t\t\t\t<\/div>\n\t\t\t\t<\/div>\n\t\t\t\t<\/div>\n\t\t\t\t\t\t<\/div>\n\t\t\t\t\t<\/div>\n\t\t<\/div>\n\t\t\t\t<div class=\"elementor-column elementor-col-50 elementor-top-column elementor-element elementor-element-723fdcf\" data-id=\"723fdcf\" data-element_type=\"column\">\n\t\t\t<div class=\"elementor-column-wrap elementor-element-populated\">\n\t\t\t\t\t\t\t<div class=\"elementor-widget-wrap\">\n\t\t\t\t\t\t<div class=\"elementor-element elementor-element-444a513 elementor-widget elementor-widget-text-editor\" data-id=\"444a513\" data-element_type=\"widget\" data-widget_type=\"text-editor.default\">\n\t\t\t\t<div class=\"elementor-widget-container\">\n\t\t\t\t\t<div class=\"elementor-text-editor elementor-clearfix\"><h3>\u00a0<\/h3><h3>Lean juomapullo<\/h3><p>Tyylik\u00e4s juomapullo toimistoon, kotiin ja salille. Pulloa on k\u00e4tev\u00e4 kantaa trendikk\u00e4\u00e4st\u00e4 silikonilenkist\u00e4 ja voit vaikka ripustaa sen siit\u00e4 roikkumaan kuntopy\u00f6r\u00e4n tankoon. Konepest\u00e4v\u00e4 (ei korkki). Valmistettu Tritan-muovista, joka ei sis\u00e4ll\u00e4 vaarallisia BPA-aineita. Merkint\u00e4vaihtoehdot painatus tai laserkaiverrus.<\/p><p>V\u00e4rit: oranssi, l\u00e4pin\u00e4kyv\u00e4, harmaa, sininen, punainen, vihre\u00e4, keltainen ja pinkki<\/p><p>Hinta alkaen: 9 \u20ac\/kpl (ei sis\u00e4ll\u00e4 merkint\u00e4\u00e4)<\/p><\/div>\n\t\t\t\t<\/div>\n\t\t\t\t<\/div>\n\t\t\t\t\t\t<\/div>\n\t\t\t\t\t<\/div>\n\t\t<\/div>\n\t\t\t\t\t\t\t\t<\/div>\n\t\t\t\t\t<\/div>\n\t\t<\/section>\n\t\t\t\t\t\t<\/div>\n\t\t\t\t\t\t<\/div>\n\t\t\t\t\t<\/div>\n\t\t","protected":false},"excerpt":{"rendered":"<p>\u00a0 Lean juomapullo Tyylik\u00e4s juomapullo toimistoon, kotiin ja salille. Pulloa on k\u00e4tev\u00e4 kantaa trendikk\u00e4\u00e4st\u00e4 silikonilenkist\u00e4 ja voit vaikka ripustaa sen siit\u00e4 roikkumaan kuntopy\u00f6r\u00e4n tankoon. Konepest\u00e4v\u00e4 (ei korkki). Valmistettu Tritan-muovista, joka ei sis\u00e4ll\u00e4 vaarallisia BPA-aineita. Merkint\u00e4vaihtoehdot painatus tai laserkaiverrus. V\u00e4rit: oranssi, l\u00e4pin\u00e4kyv\u00e4, harmaa, sininen, punainen, vihre\u00e4, keltainen ja pinkki Hinta alkaen: 9 \u20ac\/kpl (ei sis\u00e4ll\u00e4 merkint\u00e4\u00e4)<\/p>\n","protected":false},"author":1,"featured_media":0,"parent":0,"menu_order":0,"comment_status":"closed","ping_status":"closed","template":"","meta":[],"_links":{"self":[{"href":"https:\/\/progift.fi\/index.php\/wp-json\/wp\/v2\/pages\/949"}],"collection":[{"href":"https:\/\/progift.fi\/index.php\/wp-json\/wp\/v2\/pages"}],"about":[{"href":"https:\/\/progift.fi\/index.php\/wp-json\/wp\/v2\/types\/page"}],"author":[{"embeddable":true,"href":"https:\/\/progift.fi\/index.php\/wp-json\/wp\/v2\/users\/1"}],"replies":[{"embeddable":true,"href":"https:\/\/progift.fi\/index.php\/wp-json\/wp\/v2\/comments?post=949"}],"version-history":[{"count":2,"href":"https:\/\/progift.fi\/index.php\/wp-json\/wp\/v2\/pages\/949\/revisions"}],"predecessor-version":[{"id":1089,"href":"https:\/\/progift.fi\/index.php\/wp-json\/wp\/v2\/pages\/949\/revisions\/1089"}],"wp:attachment":[{"href":"https:\/\/progift.fi\/index.php\/wp-json\/wp\/v2\/media?parent=949"}],"curies":[{"name":"wp","href":"https:\/\/api.w.org\/{rel}","templated":true}]}}